Last updated on 2022-08-13 04:57:44 CEST.
Flavor | Version | Tinstall | Tcheck | Ttotal | Status | Flags |
---|---|---|---|---|---|---|
r-devel-linux-x86_64-debian-clang | 2.2-0 | 10.47 | 66.79 | 77.26 | OK | |
r-devel-linux-x86_64-debian-gcc | 2.2-0 | 7.96 | 51.68 | 59.64 | OK | |
r-devel-linux-x86_64-fedora-clang | 2.2-0 | 100.77 | NOTE | |||
r-devel-linux-x86_64-fedora-gcc | 2.2-0 | 100.70 | NOTE | |||
r-devel-windows-x86_64 | 2.2-0 | 13.00 | 88.00 | 101.00 | OK | |
r-patched-linux-x86_64 | 2.2-0 | 10.15 | 65.08 | 75.23 | OK | |
r-release-linux-x86_64 | 2.2-0 | 10.28 | 64.15 | 74.43 | OK | |
r-release-macos-arm64 | 2.2-0 | 33.00 | OK | |||
r-release-macos-x86_64 | 2.2-0 | 43.00 | OK | |||
r-release-windows-x86_64 | 2.2-0 | 13.00 | 92.00 | 105.00 | OK | |
r-oldrel-macos-arm64 | 2.2-0 | 37.00 | OK | |||
r-oldrel-macos-x86_64 | 2.2-0 | 58.00 | OK | |||
r-oldrel-windows-ix86+x86_64 | 2.2-0 | 22.00 | 104.00 | 126.00 | OK |
Version: 2.2-0
Check: compiled code
Result: NOTE
File ‘coenoflex/libs/coenoflex.so’:
Found no calls to: ‘R_registerRoutines’, ‘R_useDynamicSymbols’
It is good practice to register native routines and to disable symbol
search.
See ‘Writing portable packages’ in the ‘Writing R Extensions’ manual.
Flavors: r-devel-linux-x86_64-fedora-clang, r-devel-linux-x86_64-fedora-gcc