CRAN Package Check Results for Package colorpatch

Last updated on 2022-12-02 04:00:05 CET.

Flavor Version Tinstall Tcheck Ttotal Status Flags
r-devel-linux-x86_64-debian-clang 0.1.2 5.89 62.36 68.25 OK
r-devel-linux-x86_64-debian-gcc 0.1.2 4.48 47.19 51.67 OK
r-devel-linux-x86_64-fedora-clang 0.1.2 99.78 NOTE
r-devel-linux-x86_64-fedora-gcc 0.1.2 102.73 NOTE
r-devel-windows-x86_64 0.1.2 41.00 95.00 136.00 OK
r-patched-linux-x86_64 0.1.2 8.59 57.27 65.86 OK
r-release-linux-x86_64 0.1.2 4.57 58.73 63.30 OK
r-release-macos-arm64 0.1.2 27.00 NOTE
r-release-macos-x86_64 0.1.2 53.00 NOTE
r-release-windows-x86_64 0.1.2 46.00 99.00 145.00 OK
r-oldrel-macos-arm64 0.1.2 40.00 NOTE
r-oldrel-macos-x86_64 0.1.2 50.00 NOTE
r-oldrel-windows-ix86+x86_64 0.1.2 13.00 85.00 98.00 OK

Check Details

Version: 0.1.2
Check: dependencies in R code
Result: NOTE
    Namespaces in Imports field not imported from:
     ‘grid’ ‘gridExtra’
     All declared Imports should be used.
Flavors: r-devel-linux-x86_64-fedora-clang, r-devel-linux-x86_64-fedora-gcc, r-release-macos-arm64, r-release-macos-x86_64, r-oldrel-macos-arm64, r-oldrel-macos-x86_64