Last updated on 2023-01-30 04:52:17 CET.
Flavor | Version | Tinstall | Tcheck | Ttotal | Status | Flags |
---|---|---|---|---|---|---|
r-devel-linux-x86_64-debian-clang | 1.0.4 | 427.33 | 150.37 | 577.70 | NOTE | |
r-devel-linux-x86_64-debian-gcc | 1.0.4 | 406.70 | 133.06 | 539.76 | NOTE | |
r-devel-linux-x86_64-fedora-clang | 1.0.4 | 766.40 | NOTE | |||
r-devel-linux-x86_64-fedora-gcc | 1.0.4 | 953.39 | NOTE | |||
r-devel-windows-x86_64 | 1.0.4 | 325.00 | 242.00 | 567.00 | NOTE | |
r-patched-linux-x86_64 | 1.0.4 | 328.71 | 165.61 | 494.32 | NOTE | |
r-release-linux-x86_64 | 1.0.4 | 329.69 | 155.98 | 485.67 | NOTE | |
r-release-macos-arm64 | 1.0.4 | 223.00 | NOTE | |||
r-release-macos-x86_64 | 1.0.4 | 429.00 | NOTE | |||
r-release-windows-x86_64 | 1.0.4 | 306.00 | 235.00 | 541.00 | NOTE | |
r-oldrel-macos-arm64 | 1.0.4 | 239.00 | NOTE | |||
r-oldrel-macos-x86_64 | 1.0.4 | 424.00 | NOTE | |||
r-oldrel-windows-ix86+x86_64 | 1.0.4 | 1001.00 | 273.00 | 1274.00 | NOTE |
Version: 1.0.4
Check: for GNU extensions in Makefiles
Result: NOTE
GNU make is a SystemRequirements.
Flavors: r-devel-linux-x86_64-debian-clang, r-devel-linux-x86_64-debian-gcc, r-devel-linux-x86_64-fedora-clang, r-devel-linux-x86_64-fedora-gcc, r-devel-windows-x86_64, r-patched-linux-x86_64, r-release-linux-x86_64, r-release-macos-arm64, r-release-macos-x86_64, r-release-windows-x86_64, r-oldrel-macos-arm64, r-oldrel-macos-x86_64, r-oldrel-windows-ix86+x86_64
Version: 1.0.4
Check: C++ specification
Result: NOTE
Specified C++14: please update to current default of C++17
Flavors: r-devel-linux-x86_64-debian-gcc, r-devel-linux-x86_64-fedora-gcc, r-devel-windows-x86_64
Version: 1.0.4
Check: installed package size
Result: NOTE
installed size is 5.9Mb
sub-directories of 1Mb or more:
libs 4.6Mb
Flavors: r-devel-linux-x86_64-fedora-clang, r-devel-windows-x86_64, r-release-macos-arm64, r-release-macos-x86_64, r-release-windows-x86_64, r-oldrel-macos-arm64, r-oldrel-macos-x86_64, r-oldrel-windows-ix86+x86_64