CRAN Package Check Results for Package concordance

Last updated on 2023-03-21 03:54:18 CET.

Flavor Version Tinstall Tcheck Ttotal Status Flags
r-devel-linux-x86_64-debian-clang 2.0.0 OK
r-devel-linux-x86_64-debian-gcc 2.0.0 10.85 54.63 65.48 OK
r-devel-linux-x86_64-fedora-clang 2.0.0 107.05 NOTE
r-devel-linux-x86_64-fedora-gcc 2.0.0 100.90 NOTE
r-devel-windows-x86_64 2.0.0 59.00 119.00 178.00 OK
r-patched-linux-x86_64 2.0.0 14.38 70.50 84.88 OK
r-release-linux-x86_64 2.0.0 14.07 67.38 81.45 OK
r-release-macos-arm64 2.0.0 33.00 NOTE
r-release-macos-x86_64 2.0.0 69.00 NOTE
r-release-windows-x86_64 2.0.0 78.00 112.00 190.00 OK
r-oldrel-macos-arm64 2.0.0 39.00 NOTE
r-oldrel-macos-x86_64 2.0.0 57.00 NOTE
r-oldrel-windows-ix86+x86_64 2.0.0 25.00 97.00 122.00 OK

Check Details

Version: 2.0.0
Check: data for non-ASCII characters
Result: NOTE
     Note: found 92 marked UTF-8 strings
Flavors: r-devel-linux-x86_64-fedora-clang, r-devel-linux-x86_64-fedora-gcc, r-release-macos-arm64, r-release-macos-x86_64, r-oldrel-macos-arm64, r-oldrel-macos-x86_64