CRAN Package Check Results for Package conserveR

Last updated on 2022-12-10 03:57:26 CET.

Flavor Version Tinstall Tcheck Ttotal Status Flags
r-devel-linux-x86_64-debian-clang 1.0.4 7.00 68.36 75.36 OK
r-devel-linux-x86_64-debian-gcc 1.0.4 5.78 50.80 56.58 OK
r-devel-linux-x86_64-fedora-clang 1.0.4 113.13 NOTE
r-devel-linux-x86_64-fedora-gcc 1.0.4 98.26 NOTE
r-devel-windows-x86_64 1.0.4 18.00 93.00 111.00 OK
r-patched-linux-x86_64 1.0.4 6.72 63.77 70.49 OK
r-release-linux-x86_64 1.0.4 5.46 63.15 68.61 OK
r-release-macos-arm64 1.0.4 29.00 NOTE
r-release-macos-x86_64 1.0.4 67.00 NOTE
r-release-windows-x86_64 1.0.4 19.00 94.00 113.00 OK
r-oldrel-macos-arm64 1.0.4 30.00 NOTE
r-oldrel-macos-x86_64 1.0.4 38.00 NOTE
r-oldrel-windows-ix86+x86_64 1.0.4 18.00 89.00 107.00 OK

Check Details

Version: 1.0.4
Check: dependencies in R code
Result: NOTE
    Namespaces in Imports field not imported from:
     ‘scales’ ‘sna’
     All declared Imports should be used.
Flavors: r-devel-linux-x86_64-fedora-clang, r-devel-linux-x86_64-fedora-gcc, r-release-macos-arm64, r-release-macos-x86_64, r-oldrel-macos-arm64, r-oldrel-macos-x86_64

Version: 1.0.4
Check: data for non-ASCII characters
Result: NOTE
     Note: found 244 marked UTF-8 strings
Flavors: r-devel-linux-x86_64-fedora-clang, r-devel-linux-x86_64-fedora-gcc, r-release-macos-arm64, r-release-macos-x86_64, r-oldrel-macos-arm64, r-oldrel-macos-x86_64