CRAN Package Check Results for Package contourPlot

Last updated on 2022-11-30 03:58:20 CET.

Flavor Version Tinstall Tcheck Ttotal Status Flags
r-devel-linux-x86_64-debian-clang 0.2.0 3.15 31.47 34.62 NOTE
r-devel-linux-x86_64-debian-gcc 0.2.0 2.25 24.54 26.79 NOTE
r-devel-linux-x86_64-fedora-clang 0.2.0 55.61 NOTE
r-devel-linux-x86_64-fedora-gcc 0.2.0 56.41 NOTE
r-devel-windows-x86_64 0.2.0 6.00 60.00 66.00 NOTE
r-patched-linux-x86_64 0.2.0 2.50 29.64 32.14 NOTE
r-release-linux-x86_64 0.2.0 2.67 30.66 33.33 NOTE
r-release-macos-arm64 0.2.0 18.00 NOTE
r-release-macos-x86_64 0.2.0 26.00 NOTE
r-release-windows-x86_64 0.2.0 9.00 59.00 68.00 NOTE
r-oldrel-macos-arm64 0.2.0 22.00 NOTE
r-oldrel-macos-x86_64 0.2.0 24.00 NOTE
r-oldrel-windows-ix86+x86_64 0.2.0 7.00 57.00 64.00 NOTE

Check Details

Version: 0.2.0
Check: LazyData
Result: NOTE
     'LazyData' is specified without a 'data' directory
Flavors: r-devel-linux-x86_64-debian-clang, r-devel-linux-x86_64-debian-gcc, r-devel-linux-x86_64-fedora-clang, r-devel-linux-x86_64-fedora-gcc, r-devel-windows-x86_64, r-patched-linux-x86_64, r-release-linux-x86_64, r-release-macos-arm64, r-release-macos-x86_64, r-release-windows-x86_64, r-oldrel-macos-arm64, r-oldrel-macos-x86_64, r-oldrel-windows-ix86+x86_64