CRAN Package Check Results for Package convey

Last updated on 2022-08-15 04:50:12 CEST.

Flavor Version Tinstall Tcheck Ttotal Status Flags
r-devel-linux-x86_64-debian-clang 0.2.5 13.75 200.30 214.05 OK
r-devel-linux-x86_64-debian-gcc 0.2.5 11.90 153.76 165.66 OK
r-devel-linux-x86_64-fedora-clang 0.2.5 265.31 OK
r-devel-linux-x86_64-fedora-gcc 0.2.5 269.40 OK
r-devel-windows-x86_64 0.2.5 35.00 243.00 278.00 OK
r-patched-linux-x86_64 0.2.5 16.25 198.11 214.36 OK
r-release-linux-x86_64 0.2.5 13.10 198.98 212.08 OK
r-release-macos-arm64 0.2.5 70.00 OK
r-release-macos-x86_64 0.2.5 114.00 OK
r-release-windows-x86_64 0.2.5 36.00 241.00 277.00 OK
r-oldrel-macos-arm64 0.2.4 74.00 NOTE
r-oldrel-macos-x86_64 0.2.4 100.00 OK
r-oldrel-windows-ix86+x86_64 0.2.4 18.00 180.00 198.00 OK

Check Details

Version: 0.2.4
Check: package dependencies
Result: NOTE
    Package suggested but not available for checking: ‘RODBC’
Flavor: r-oldrel-macos-arm64