CRAN Package Check Results for Package coronavirus

Last updated on 2022-08-08 04:50:36 CEST.

Flavor Version Tinstall Tcheck Ttotal Status Flags
r-devel-linux-x86_64-debian-clang 0.3.32 11.82 56.59 68.41 OK
r-devel-linux-x86_64-debian-gcc 0.3.32 14.62 44.49 59.11 OK
r-devel-linux-x86_64-fedora-clang 0.3.32 104.20 NOTE
r-devel-linux-x86_64-fedora-gcc 0.3.32 103.23 NOTE
r-devel-windows-x86_64 0.3.32 26.00 83.00 109.00 OK
r-patched-linux-x86_64 0.3.32 10.12 53.91 64.03 OK
r-release-linux-x86_64 0.3.32 OK
r-release-macos-arm64 0.3.32 33.00 NOTE
r-release-macos-x86_64 0.3.32 48.00 NOTE
r-release-windows-x86_64 0.3.32 26.00 83.00 109.00 OK
r-oldrel-macos-arm64 0.3.32 32.00 NOTE
r-oldrel-macos-x86_64 0.3.32 46.00 NOTE
r-oldrel-windows-ix86+x86_64 0.3.32 26.00 79.00 105.00 OK

Check Details

Version: 0.3.32
Check: data for non-ASCII characters
Result: NOTE
     Note: found 6 marked UTF-8 strings
Flavors: r-devel-linux-x86_64-fedora-clang, r-devel-linux-x86_64-fedora-gcc, r-release-macos-arm64, r-release-macos-x86_64, r-oldrel-macos-arm64, r-oldrel-macos-x86_64