CRAN Package Check Results for Package corporaexplorer

Last updated on 2022-06-29 04:55:51 CEST.

Flavor Version Tinstall Tcheck Ttotal Status Flags
r-devel-linux-x86_64-debian-clang 0.8.6 4.01 48.38 52.39 OK
r-devel-linux-x86_64-debian-gcc 0.8.6 3.47 36.18 39.65 OK
r-devel-linux-x86_64-fedora-clang 0.8.6 72.59 NOTE
r-devel-linux-x86_64-fedora-gcc 0.8.6 73.96 NOTE
r-devel-windows-x86_64 0.8.6 92.00 70.00 162.00 OK
r-patched-linux-x86_64 0.8.6 4.62 45.03 49.65 OK
r-release-linux-x86_64 0.8.6 3.61 44.61 48.22 OK
r-release-macos-arm64 0.8.6 20.00 NOTE
r-release-macos-x86_64 0.8.6 33.00 NOTE
r-release-windows-x86_64 0.8.6 1269.00 72.00 1341.00 OK
r-oldrel-macos-arm64 0.8.6 19.00 NOTE
r-oldrel-macos-x86_64 0.8.6 31.00 NOTE
r-oldrel-windows-ix86+x86_64 0.8.6 12.00 70.00 82.00 OK

Check Details

Version: 0.8.6
Check: dependencies in R code
Result: NOTE
    Namespaces in Imports field not imported from:
     ‘RColorBrewer’ ‘ggplot2’ ‘re2’ ‘rmarkdown’ ‘shinyWidgets’
     ‘shinydashboard’ ‘shinyjs’
     All declared Imports should be used.
Flavors: r-devel-linux-x86_64-fedora-clang, r-devel-linux-x86_64-fedora-gcc, r-release-macos-arm64, r-release-macos-x86_64, r-oldrel-macos-arm64, r-oldrel-macos-x86_64