CRAN Package Check Results for Package corrarray

Last updated on 2022-08-13 04:57:45 CEST.

Flavor Version Tinstall Tcheck Ttotal Status Flags
r-devel-linux-x86_64-debian-clang 1.2.0 14.16 105.11 119.27 NOTE
r-devel-linux-x86_64-debian-gcc 1.2.0 10.08 78.30 88.38 NOTE
r-devel-linux-x86_64-fedora-clang 1.2.0 150.81 NOTE
r-devel-linux-x86_64-fedora-gcc 1.2.0 145.61 NOTE
r-devel-windows-x86_64 1.2.0 15.00 125.00 140.00 NOTE
r-patched-linux-x86_64 1.2.0 13.32 99.71 113.03 NOTE
r-release-linux-x86_64 1.2.0 7.55 100.70 108.25 NOTE
r-release-macos-arm64 1.2.0 38.00 NOTE
r-release-macos-x86_64 1.2.0 68.00 NOTE
r-release-windows-x86_64 1.2.0 17.00 130.00 147.00 NOTE
r-oldrel-macos-arm64 1.2.0 44.00 NOTE
r-oldrel-macos-x86_64 1.2.0 69.00 NOTE
r-oldrel-windows-ix86+x86_64 1.2.0 30.00 121.00 151.00 NOTE

Check Details

Version: 1.2.0
Check: LazyData
Result: NOTE
     'LazyData' is specified without a 'data' directory
Flavors: r-devel-linux-x86_64-debian-clang, r-devel-linux-x86_64-debian-gcc, r-devel-linux-x86_64-fedora-clang, r-devel-linux-x86_64-fedora-gcc, r-devel-windows-x86_64, r-patched-linux-x86_64, r-release-linux-x86_64, r-release-macos-arm64, r-release-macos-x86_64, r-release-windows-x86_64, r-oldrel-macos-arm64, r-oldrel-macos-x86_64, r-oldrel-windows-ix86+x86_64