CRAN Package Check Results for Package covidcast

Last updated on 2022-11-29 03:56:08 CET.

Flavor Version Tinstall Tcheck Ttotal Status Flags
r-devel-linux-x86_64-debian-clang 0.4.3 8.11 206.28 214.39 OK
r-devel-linux-x86_64-debian-gcc 0.4.3 6.07 149.84 155.91 OK
r-devel-linux-x86_64-fedora-clang 0.4.3 272.52 NOTE
r-devel-linux-x86_64-fedora-gcc 0.4.3 283.33 NOTE
r-devel-windows-x86_64 0.4.3 87.00 279.00 366.00 NOTE
r-patched-linux-x86_64 0.4.3 7.74 190.43 198.17 OK
r-release-linux-x86_64 0.4.3 8.21 186.04 194.25 OK
r-release-macos-arm64 0.4.3 123.00 NOTE
r-release-macos-x86_64 0.4.3 130.00 NOTE
r-release-windows-x86_64 0.4.3 72.00 288.00 360.00 NOTE
r-oldrel-macos-arm64 0.4.3 99.00 NOTE
r-oldrel-macos-x86_64 0.4.3 134.00 NOTE
r-oldrel-windows-ix86+x86_64 0.4.3 19.00 272.00 291.00 NOTE

Additional issues

ATLAS

Check Details

Version: 0.4.3
Check: installed package size
Result: NOTE
     installed size is 5.1Mb
     sub-directories of 1Mb or more:
     doc 3.7Mb
Flavors: r-devel-linux-x86_64-fedora-clang, r-devel-windows-x86_64, r-release-macos-arm64, r-release-macos-x86_64, r-release-windows-x86_64, r-oldrel-macos-arm64, r-oldrel-macos-x86_64, r-oldrel-windows-ix86+x86_64

Version: 0.4.3
Check: data for non-ASCII characters
Result: NOTE
     Note: found 20 marked UTF-8 strings
Flavors: r-devel-linux-x86_64-fedora-clang, r-devel-linux-x86_64-fedora-gcc, r-release-macos-arm64, r-release-macos-x86_64, r-oldrel-macos-arm64, r-oldrel-macos-x86_64