CRAN Package Check Results for Package cowbell

Last updated on 2023-09-25 05:01:22 CEST.

Flavor Version Tinstall Tcheck Ttotal Status Flags
r-devel-linux-x86_64-debian-clang 0.1.0 2.76 78.06 80.82 OK
r-devel-linux-x86_64-debian-gcc 0.1.0 2.40 57.38 59.78 OK
r-devel-linux-x86_64-fedora-clang 0.1.0 94.35 NOTE
r-devel-linux-x86_64-fedora-gcc 0.1.0 112.18 NOTE
r-devel-windows-x86_64 0.1.0 4.00 78.00 82.00 OK
r-patched-linux-x86_64 0.1.0 2.64 77.84 80.48 OK
r-release-linux-x86_64 0.1.0 1.84 77.32 79.16 OK
r-release-macos-arm64 0.1.0 41.00 OK
r-release-macos-x86_64 0.1.0 64.00 OK
r-release-windows-x86_64 0.1.0 4.00 88.00 92.00 OK
r-oldrel-macos-arm64 0.1.0 27.00 NOTE
r-oldrel-macos-x86_64 0.1.0 54.00 NOTE
r-oldrel-windows-x86_64 0.1.0 5.00 88.00 93.00 OK

Check Details

Version: 0.1.0
Check: dependencies in R code
Result: NOTE
    Namespaces in Imports field not imported from:
     ‘ggplot2’ ‘misc3d’
     All declared Imports should be used.
Flavors: r-devel-linux-x86_64-fedora-clang, r-devel-linux-x86_64-fedora-gcc, r-oldrel-macos-arm64, r-oldrel-macos-x86_64