CRAN Package Check Results for Package cpi

Last updated on 2022-11-26 03:58:05 CET.

Flavor Version Tinstall Tcheck Ttotal Status Flags
r-devel-linux-x86_64-debian-clang 0.1.4 4.59 127.74 132.33 OK
r-devel-linux-x86_64-debian-gcc 0.1.4 3.21 93.88 97.09 OK
r-devel-linux-x86_64-fedora-clang 0.1.4 176.22 OK
r-devel-linux-x86_64-fedora-gcc 0.1.4 174.19 OK
r-devel-windows-x86_64 0.1.4 8.00 148.00 156.00 OK
r-patched-linux-x86_64 0.1.4 OK
r-release-linux-x86_64 0.1.4 2.94 118.55 121.49 OK
r-release-macos-arm64 0.1.4 40.00 OK
r-release-macos-x86_64 0.1.4 60.00 NOTE
r-release-windows-x86_64 0.1.4 12.00 154.00 166.00 OK
r-oldrel-macos-arm64 0.1.4 38.00 OK
r-oldrel-macos-x86_64 0.1.4 56.00 OK
r-oldrel-windows-ix86+x86_64 0.1.4 10.00 162.00 172.00 OK

Check Details

Version: 0.1.4
Check: package dependencies
Result: NOTE
    Package suggested but not available for checking: ‘BEST’
Flavor: r-release-macos-x86_64