CRAN Package Check Results for Package cpr

Last updated on 2022-08-07 04:53:34 CEST.

Flavor Version Tinstall Tcheck Ttotal Status Flags
r-devel-linux-x86_64-debian-clang 0.2.3 96.81 106.25 203.06 NOTE
r-devel-linux-x86_64-debian-gcc 0.2.3 75.26 80.83 156.09 NOTE
r-devel-linux-x86_64-fedora-clang 0.2.3 287.14 NOTE
r-devel-linux-x86_64-fedora-gcc 0.2.3 263.75 NOTE
r-devel-windows-x86_64 0.2.3 242.00 160.00 402.00 NOTE
r-patched-linux-x86_64 0.2.3 81.59 97.72 179.31 OK
r-release-linux-x86_64 0.2.3 83.30 99.89 183.19 OK
r-release-macos-arm64 0.2.3 68.00 OK
r-release-macos-x86_64 0.2.3 114.00 OK
r-release-windows-x86_64 0.2.3 90.00 154.00 244.00 OK
r-oldrel-macos-arm64 0.2.3 85.00 OK
r-oldrel-macos-x86_64 0.2.3 115.00 OK
r-oldrel-windows-ix86+x86_64 0.2.3 244.00 198.00 442.00 OK

Check Details

Version: 0.2.3
Check: package subdirectories
Result: NOTE
    Problems with news in 'NEWS.md':
     Cannot extract version info from the following section titles:
     Non-visible changes:
Flavors: r-devel-linux-x86_64-debian-clang, r-devel-linux-x86_64-debian-gcc, r-devel-linux-x86_64-fedora-clang, r-devel-linux-x86_64-fedora-gcc, r-devel-windows-x86_64