CRAN Package Check Results for Package cragg

Last updated on 2023-02-06 03:54:27 CET.

Flavor Version Tinstall Tcheck Ttotal Status Flags
r-devel-linux-x86_64-debian-clang 0.0.1 1.61 34.48 36.09 NOTE
r-devel-linux-x86_64-debian-gcc 0.0.1 1.68 26.32 28.00 NOTE
r-devel-linux-x86_64-fedora-clang 0.0.1 46.79 NOTE
r-devel-linux-x86_64-fedora-gcc 0.0.1 59.24 NOTE
r-devel-windows-x86_64 0.0.1 9.00 65.00 74.00 NOTE
r-patched-linux-x86_64 0.0.1 2.19 34.25 36.44 NOTE
r-release-linux-x86_64 0.0.1 1.53 34.05 35.58 NOTE
r-release-macos-arm64 0.0.1 22.00 NOTE
r-release-macos-x86_64 0.0.1 27.00 NOTE
r-release-windows-x86_64 0.0.1 8.00 77.00 85.00 NOTE
r-oldrel-macos-arm64 0.0.1 25.00 NOTE
r-oldrel-macos-x86_64 0.0.1 35.00 NOTE
r-oldrel-windows-ix86+x86_64 0.0.1 6.00 74.00 80.00 NOTE

Check Details

Version: 0.0.1
Check: LazyData
Result: NOTE
     'LazyData' is specified without a 'data' directory
Flavors: r-devel-linux-x86_64-debian-clang, r-devel-linux-x86_64-debian-gcc, r-devel-linux-x86_64-fedora-clang, r-devel-linux-x86_64-fedora-gcc, r-devel-windows-x86_64, r-patched-linux-x86_64, r-release-linux-x86_64, r-release-macos-arm64, r-release-macos-x86_64, r-release-windows-x86_64, r-oldrel-macos-arm64, r-oldrel-macos-x86_64, r-oldrel-windows-ix86+x86_64