CRAN Package Check Results for Package cranlike

Last updated on 2022-08-09 04:52:17 CEST.

Flavor Version Tinstall Tcheck Ttotal Status Flags
r-devel-linux-x86_64-debian-clang 1.0.2 5.51 51.19 56.70 NOTE
r-devel-linux-x86_64-debian-gcc 1.0.2 4.33 39.07 43.40 NOTE
r-devel-linux-x86_64-fedora-clang 1.0.2 78.33 NOTE
r-devel-linux-x86_64-fedora-gcc 1.0.2 76.45 NOTE
r-devel-windows-x86_64 1.0.2 20.00 77.00 97.00 NOTE
r-patched-linux-x86_64 1.0.2 5.34 48.21 53.55 NOTE
r-release-linux-x86_64 1.0.2 NOTE
r-release-macos-arm64 1.0.2 23.00 NOTE
r-release-macos-x86_64 1.0.2 31.00 NOTE
r-release-windows-x86_64 1.0.2 17.00 77.00 94.00 NOTE
r-oldrel-macos-arm64 1.0.2 30.00 NOTE
r-oldrel-macos-x86_64 1.0.2 41.00 NOTE
r-oldrel-windows-ix86+x86_64 1.0.2 12.00 75.00 87.00 NOTE

Check Details

Version: 1.0.2
Check: LazyData
Result: NOTE
     'LazyData' is specified without a 'data' directory
Flavors: r-devel-linux-x86_64-debian-clang, r-devel-linux-x86_64-debian-gcc, r-devel-linux-x86_64-fedora-clang, r-devel-linux-x86_64-fedora-gcc, r-devel-windows-x86_64, r-patched-linux-x86_64, r-release-linux-x86_64, r-release-macos-arm64, r-release-macos-x86_64, r-release-windows-x86_64, r-oldrel-macos-arm64, r-oldrel-macos-x86_64, r-oldrel-windows-ix86+x86_64