CRAN Package Check Results for Package crassmat

Last updated on 2022-11-30 03:58:20 CET.

Flavor Version Tinstall Tcheck Ttotal Status Flags
r-devel-linux-x86_64-debian-clang 0.0.6 1.40 24.76 26.16 OK
r-devel-linux-x86_64-debian-gcc 0.0.6 1.65 19.43 21.08 OK
r-devel-linux-x86_64-fedora-clang 0.0.6 44.74 OK
r-devel-linux-x86_64-fedora-gcc 0.0.6 47.16 OK
r-devel-windows-x86_64 0.0.6 11.00 65.00 76.00 OK
r-patched-linux-x86_64 0.0.6 1.97 24.39 26.36 OK
r-release-linux-x86_64 0.0.6 1.84 24.63 26.47 OK
r-release-macos-arm64 0.0.6 17.00 NOTE
r-release-macos-x86_64 0.0.6 21.00 OK
r-release-windows-x86_64 0.0.6 11.00 58.00 69.00 OK
r-oldrel-macos-arm64 0.0.6 23.00 OK
r-oldrel-macos-x86_64 0.0.6 26.00 OK
r-oldrel-windows-ix86+x86_64 0.0.6 5.00 48.00 53.00 OK

Check Details

Version: 0.0.6
Check: package dependencies
Result: NOTE
    Package suggested but not available for checking: ‘NMF’
Flavor: r-release-macos-arm64