CRAN Package Check Results for Package crawl

Last updated on 2022-10-05 04:50:49 CEST.

Flavor Version Tinstall Tcheck Ttotal Status Flags
r-devel-linux-x86_64-debian-clang 2.2.1 156.33 79.76 236.09 OK
r-devel-linux-x86_64-debian-gcc 2.2.1 110.92 57.96 168.88 OK
r-devel-linux-x86_64-fedora-clang 2.2.1 343.96 NOTE
r-devel-linux-x86_64-fedora-gcc 2.2.1 291.67 NOTE
r-devel-windows-x86_64 2.2.1 113.00 140.00 253.00 OK --no-vignettes
r-patched-linux-x86_64 2.2.1 112.41 73.23 185.64 OK
r-release-linux-x86_64 2.2.1 107.33 72.36 179.69 OK
r-release-macos-arm64 2.2.1 75.00 NOTE
r-release-macos-x86_64 2.2.1 116.00 NOTE
r-release-windows-x86_64 2.2.1 121.00 132.00 253.00 OK --no-vignettes
r-oldrel-macos-arm64 2.2.1 84.00 NOTE
r-oldrel-macos-x86_64 2.2.1 117.00 NOTE
r-oldrel-windows-ix86+x86_64 2.2.1 346.00 146.00 492.00 OK --no-vignettes

Check Details

Version: 2.2.1
Check: dependencies in R code
Result: NOTE
    Namespaces in Imports field not imported from:
     ‘gdistance’ ‘raster’
     All declared Imports should be used.
Flavors: r-devel-linux-x86_64-fedora-clang, r-devel-linux-x86_64-fedora-gcc, r-release-macos-arm64, r-release-macos-x86_64, r-oldrel-macos-arm64, r-oldrel-macos-x86_64

Version: 2.2.1
Check: installed package size
Result: NOTE
     installed size is 6.2Mb
     sub-directories of 1Mb or more:
     libs 5.6Mb
Flavors: r-release-macos-arm64, r-release-macos-x86_64, r-oldrel-macos-arm64, r-oldrel-macos-x86_64