Last updated on 2023-01-31 04:06:15 CET.
Flavor | Version | Tinstall | Tcheck | Ttotal | Status | Flags |
---|---|---|---|---|---|---|
r-devel-linux-x86_64-debian-clang | 0.1.4 | 3.31 | 21.67 | 24.98 | OK | |
r-devel-linux-x86_64-debian-gcc | 0.1.4 | 2.44 | 17.40 | 19.84 | OK | |
r-devel-linux-x86_64-fedora-clang | 0.1.4 | 32.50 | NOTE | |||
r-devel-linux-x86_64-fedora-gcc | 0.1.4 | 45.80 | NOTE | |||
r-devel-windows-x86_64 | 0.1.4 | 17.00 | 56.00 | 73.00 | OK | |
r-patched-linux-x86_64 | 0.1.4 | 2.35 | 21.94 | 24.29 | OK | |
r-release-linux-x86_64 | 0.1.4 | 2.86 | 24.99 | 27.85 | OK | |
r-release-macos-arm64 | 0.1.4 | 18.00 | OK | |||
r-release-macos-x86_64 | 0.1.4 | 25.00 | OK | |||
r-release-windows-x86_64 | 0.1.4 | 17.00 | 65.00 | 82.00 | OK | |
r-oldrel-macos-arm64 | 0.1.4 | 27.00 | OK | |||
r-oldrel-macos-x86_64 | 0.1.4 | 28.00 | OK | |||
r-oldrel-windows-ix86+x86_64 | 0.1.4 | 11.00 | 52.00 | 63.00 | OK |
Version: 0.1.4
Check: compiled code
Result: NOTE
File ‘credule/libs/credule.so’:
Found no calls to: ‘R_registerRoutines’, ‘R_useDynamicSymbols’
It is good practice to register native routines and to disable symbol
search.
See ‘Writing portable packages’ in the ‘Writing R Extensions’ manual.
Flavors: r-devel-linux-x86_64-fedora-clang, r-devel-linux-x86_64-fedora-gcc