CRAN Package Check Results for Package crsuggest

Last updated on 2022-12-06 04:02:49 CET.

Flavor Version Tinstall Tcheck Ttotal Status Flags
r-devel-linux-x86_64-debian-clang 0.4 45.77 317.55 363.32 OK
r-devel-linux-x86_64-debian-gcc 0.4 36.70 231.86 268.56 OK
r-devel-linux-x86_64-fedora-clang 0.4 472.30 NOTE
r-devel-linux-x86_64-fedora-gcc 0.4 446.79 OK
r-devel-windows-x86_64 0.4 41.00 299.00 340.00 NOTE
r-patched-linux-x86_64 0.4 42.58 307.65 350.23 OK
r-release-linux-x86_64 0.4 35.72 309.66 345.38 OK
r-release-macos-arm64 0.4 100.00 NOTE
r-release-macos-x86_64 0.4 130.00 NOTE
r-release-windows-x86_64 0.4 47.00 303.00 350.00 NOTE
r-oldrel-macos-arm64 0.4 93.00 NOTE
r-oldrel-macos-x86_64 0.4 122.00 NOTE
r-oldrel-windows-ix86+x86_64 0.4 91.00 313.00 404.00 NOTE

Check Details

Version: 0.4
Check: installed package size
Result: NOTE
     installed size is 5.8Mb
     sub-directories of 1Mb or more:
     data 5.7Mb
Flavors: r-devel-linux-x86_64-fedora-clang, r-devel-windows-x86_64, r-release-macos-arm64, r-release-macos-x86_64, r-release-windows-x86_64, r-oldrel-macos-arm64, r-oldrel-macos-x86_64, r-oldrel-windows-ix86+x86_64