Last updated on 2022-08-12 04:53:20 CEST.
Flavor | Version | Tinstall | Tcheck | Ttotal | Status | Flags |
---|---|---|---|---|---|---|
r-devel-linux-x86_64-debian-clang | 0.2.5 | 14.30 | 123.26 | 137.56 | OK | |
r-devel-linux-x86_64-debian-gcc | 0.2.5 | 11.82 | 92.21 | 104.03 | OK | |
r-devel-linux-x86_64-fedora-clang | 0.2.5 | 172.28 | NOTE | |||
r-devel-linux-x86_64-fedora-gcc | 0.2.5 | 168.47 | NOTE | |||
r-devel-windows-x86_64 | 0.2.5 | 31.00 | 146.00 | 177.00 | OK | |
r-patched-linux-x86_64 | 0.2.5 | 15.88 | 116.37 | 132.25 | OK | |
r-release-linux-x86_64 | 0.2.5 | 13.14 | 114.57 | 127.71 | OK | |
r-release-macos-arm64 | 0.2.5 | 64.00 | NOTE | |||
r-release-macos-x86_64 | 0.2.5 | 87.00 | NOTE | |||
r-release-windows-x86_64 | 0.2.5 | 33.00 | 154.00 | 187.00 | OK | |
r-oldrel-macos-arm64 | 0.2.5 | 65.00 | NOTE | |||
r-oldrel-macos-x86_64 | 0.2.5 | 70.00 | NOTE | |||
r-oldrel-windows-ix86+x86_64 | 0.2.5 | 29.00 | 148.00 | 177.00 | OK |
Version: 0.2.5
Check: data for non-ASCII characters
Result: NOTE
Note: found 1350 marked UTF-8 strings
Flavors: r-devel-linux-x86_64-fedora-clang, r-devel-linux-x86_64-fedora-gcc, r-release-macos-arm64, r-release-macos-x86_64, r-oldrel-macos-arm64, r-oldrel-macos-x86_64