CRAN Package Check Results for Package ctsem

Last updated on 2023-01-30 04:52:18 CET.

Flavor Version Tinstall Tcheck Ttotal Status Flags
r-devel-linux-x86_64-debian-clang 3.7.2 1613.42 316.43 1929.85 NOTE
r-devel-linux-x86_64-debian-gcc 3.7.2 733.29 252.00 985.29 NOTE
r-devel-linux-x86_64-fedora-clang 3.7.2 2409.90 NOTE
r-devel-linux-x86_64-fedora-gcc 3.7.2 1732.80 NOTE
r-devel-windows-x86_64 3.7.2 930.00 384.00 1314.00 NOTE --no-vignettes
r-patched-linux-x86_64 3.7.2 543.72 335.44 879.16 NOTE
r-release-linux-x86_64 3.7.2 637.87 337.83 975.70 NOTE
r-release-macos-arm64 3.7.2 672.00 NOTE
r-release-macos-x86_64 3.7.2 900.00 NOTE
r-release-windows-x86_64 3.7.2 443.00 385.00 828.00 NOTE --no-vignettes
r-oldrel-macos-arm64 3.7.2 673.00 NOTE
r-oldrel-macos-x86_64 3.7.2 890.00 NOTE
r-oldrel-windows-ix86+x86_64 3.7.2 1001.00 492.00 1493.00 NOTE --no-vignettes

Check Details

Version: 3.7.2
Check: for GNU extensions in Makefiles
Result: NOTE
    GNU make is a SystemRequirements.
Flavors: r-devel-linux-x86_64-debian-clang, r-devel-linux-x86_64-debian-gcc, r-devel-linux-x86_64-fedora-clang, r-devel-linux-x86_64-fedora-gcc, r-patched-linux-x86_64, r-release-linux-x86_64, r-release-macos-arm64, r-release-macos-x86_64, r-oldrel-macos-arm64, r-oldrel-macos-x86_64

Version: 3.7.2
Check: C++ specification
Result: NOTE
     Specified C++14: please update to current default of C++17
Flavors: r-devel-linux-x86_64-debian-gcc, r-devel-linux-x86_64-fedora-gcc

Version: 3.7.2
Check: installed package size
Result: NOTE
     installed size is 14.7Mb
     sub-directories of 1Mb or more:
     R 1.2Mb
     data 1.6Mb
     doc 1.2Mb
     libs 10.4Mb
Flavors: r-devel-linux-x86_64-fedora-clang, r-release-macos-arm64, r-release-macos-x86_64, r-oldrel-macos-arm64, r-oldrel-macos-x86_64

Version: 3.7.2
Check: for detritus in the temp directory
Result: NOTE
    Found the following files/directories:
     ‘par-7269706c6579’
Flavors: r-devel-linux-x86_64-fedora-clang, r-devel-linux-x86_64-fedora-gcc

Version: 3.7.2
Flags: --no-vignettes
Check: C++ specification
Result: NOTE
     Specified C++14: please update to current default of C++17
Flavor: r-devel-windows-x86_64

Version: 3.7.2
Flags: --no-vignettes
Check: installed package size
Result: NOTE
     installed size is 10.2Mb
     sub-directories of 1Mb or more:
     R 1.2Mb
     data 1.6Mb
     doc 1.2Mb
     libs 5.9Mb
Flavors: r-devel-windows-x86_64, r-release-windows-x86_64, r-oldrel-windows-ix86+x86_64

Version: 3.7.2
Flags: --no-vignettes
Check: for GNU extensions in Makefiles
Result: NOTE
    GNU make is a SystemRequirements.
Flavors: r-devel-windows-x86_64, r-release-windows-x86_64, r-oldrel-windows-ix86+x86_64