CRAN Package Check Results for Package ctsemOMX

Last updated on 2022-12-06 04:02:49 CET.

Flavor Version Tinstall Tcheck Ttotal Status Flags
r-devel-linux-x86_64-debian-clang 1.0.4 0.69 2.99 3.68 ERROR
r-devel-linux-x86_64-debian-gcc 1.0.4 26.19 524.95 551.14 OK
r-devel-linux-x86_64-fedora-clang 1.0.4 938.74 OK
r-devel-linux-x86_64-fedora-gcc 1.0.4 904.30 OK
r-devel-windows-x86_64 1.0.4 49.00 293.00 342.00 OK --no-vignettes
r-patched-linux-x86_64 1.0.4 33.46 682.99 716.45 OK
r-release-linux-x86_64 1.0.4 25.77 695.56 721.33 OK
r-release-macos-arm64 1.0.4 269.00 OK
r-release-macos-x86_64 1.0.4 392.00 OK
r-release-windows-x86_64 1.0.4 46.00 301.00 347.00 OK --no-vignettes
r-oldrel-macos-arm64 1.0.4 236.00 OK
r-oldrel-macos-x86_64 1.0.4 229.00 OK
r-oldrel-windows-ix86+x86_64 1.0.4 65.00 297.00 362.00 OK --no-vignettes

Check Details

Version: 1.0.4
Check: package dependencies
Result: ERROR
    Package required but not available: 'ctsem'
    
    See section 'The DESCRIPTION file' in the 'Writing R Extensions'
    manual.
Flavor: r-devel-linux-x86_64-debian-clang