CRAN Package Check Results for Package cyjShiny

Last updated on 2022-12-09 04:00:43 CET.

Flavor Version Tinstall Tcheck Ttotal Status Flags
r-devel-linux-x86_64-debian-clang 1.0.34 7.09 57.32 64.41 OK
r-devel-linux-x86_64-debian-gcc 1.0.34 6.46 46.51 52.97 OK
r-devel-linux-x86_64-fedora-clang 1.0.34 90.70 NOTE
r-devel-linux-x86_64-fedora-gcc 1.0.34 100.96 OK
r-devel-windows-x86_64 1.0.34 67.00 105.00 172.00 NOTE
r-patched-linux-x86_64 1.0.34 7.42 54.68 62.10 OK
r-release-linux-x86_64 1.0.34 7.35 56.59 63.94 OK
r-release-macos-arm64 1.0.34 31.00 NOTE
r-release-macos-x86_64 1.0.34 45.00 NOTE
r-release-windows-x86_64 1.0.34 127.00 100.00 227.00 NOTE
r-oldrel-macos-arm64 1.0.34 25.00 NOTE
r-oldrel-macos-x86_64 1.0.34 41.00 NOTE
r-oldrel-windows-ix86+x86_64 1.0.34 18.00 85.00 103.00 NOTE

Check Details

Version: 1.0.34
Check: installed package size
Result: NOTE
     installed size is 9.1Mb
     sub-directories of 1Mb or more:
     demos 4.4Mb
     extdata 1.4Mb
     htmlwidgets 1.5Mb
Flavors: r-devel-linux-x86_64-fedora-clang, r-devel-windows-x86_64, r-release-macos-arm64, r-release-macos-x86_64, r-release-windows-x86_64, r-oldrel-macos-arm64, r-oldrel-macos-x86_64, r-oldrel-windows-ix86+x86_64