Last updated on 2025-01-26 03:49:45 CET.
Flavor | Version | Tinstall | Tcheck | Ttotal | Status | Flags |
---|---|---|---|---|---|---|
r-devel-linux-x86_64-debian-clang | 1.2 | 40.06 | 290.36 | 330.42 | OK | |
r-devel-linux-x86_64-debian-gcc | 1.2 | 25.59 | 208.61 | 234.20 | OK | |
r-devel-linux-x86_64-fedora-clang | 1.2 | 527.09 | OK | |||
r-devel-linux-x86_64-fedora-gcc | 1.2 | 498.01 | OK | |||
r-devel-windows-x86_64 | 1.2 | 32.00 | 239.00 | 271.00 | OK | |
r-patched-linux-x86_64 | 1.2 | 34.63 | 266.13 | 300.76 | NOTE | |
r-release-linux-x86_64 | 1.2 | 30.97 | 266.97 | 297.94 | NOTE | |
r-release-macos-arm64 | 1.2 | 113.00 | NOTE | |||
r-release-macos-x86_64 | 1.2 | 185.00 | NOTE | |||
r-release-windows-x86_64 | 1.2 | 33.00 | 241.00 | 274.00 | NOTE | |
r-oldrel-macos-arm64 | 1.2 | 116.00 | NOTE | |||
r-oldrel-macos-x86_64 | 1.2 | 316.00 | NOTE | |||
r-oldrel-windows-x86_64 | 1.2 | 30.00 | 304.00 | 334.00 | NOTE |
Version: 1.2
Check: LazyData
Result: NOTE
'LazyData' is specified without a 'data' directory
Flavors: r-patched-linux-x86_64, r-release-linux-x86_64, r-release-macos-arm64, r-release-macos-x86_64, r-release-windows-x86_64, r-oldrel-macos-arm64, r-oldrel-macos-x86_64, r-oldrel-windows-x86_64