CRAN Package Check Results for Package dGAselID

Last updated on 2024-02-23 04:01:58 CET.

Flavor Version Tinstall Tcheck Ttotal Status Flags
r-devel-linux-x86_64-debian-clang 1.2 NOTE
r-devel-linux-x86_64-debian-gcc 1.2 36.78 272.00 308.78 NOTE
r-devel-linux-x86_64-fedora-clang 1.2 537.30 NOTE
r-devel-linux-x86_64-fedora-gcc 1.2 516.61 NOTE
r-devel-windows-x86_64 1.2 35.00 248.00 283.00 NOTE
r-patched-linux-x86_64 1.2 28.33 353.01 381.34 NOTE
r-release-linux-x86_64 1.2 28.34 352.75 381.09 NOTE
r-release-macos-arm64 1.2 116.00 NOTE
r-release-macos-x86_64 1.2 316.00 NOTE
r-release-windows-x86_64 1.2 30.00 304.00 334.00 NOTE
r-oldrel-macos-arm64 1.2 78.00 NOTE
r-oldrel-windows-x86_64 1.2 35.00 239.00 274.00 NOTE

Check Details

Version: 1.2
Check: LazyData
Result: NOTE 'LazyData' is specified without a 'data' directory Flavors: r-devel-linux-x86_64-debian-clang, r-devel-linux-x86_64-debian-gcc, r-devel-linux-x86_64-fedora-clang, r-devel-linux-x86_64-fedora-gcc, r-devel-windows-x86_64, r-patched-linux-x86_64, r-release-linux-x86_64, r-release-macos-arm64, r-release-macos-x86_64, r-release-windows-x86_64, r-oldrel-macos-arm64, r-oldrel-windows-x86_64