CRAN Package Check Results for Package dartR

Last updated on 2022-10-03 04:59:24 CEST.

Flavor Version Tinstall Tcheck Ttotal Status Flags
r-devel-linux-x86_64-debian-clang 2.0.4 72.86 774.61 847.47 OK
r-devel-linux-x86_64-debian-gcc 2.0.4 67.36 556.09 623.45 OK
r-devel-linux-x86_64-fedora-clang 2.0.4 1090.56 OK
r-devel-linux-x86_64-fedora-gcc 2.0.4 1052.14 OK
r-devel-windows-x86_64 2.0.4 127.00 815.00 942.00 OK
r-patched-linux-x86_64 2.0.4 77.47 717.49 794.96 OK
r-release-linux-x86_64 2.0.4 67.01 713.40 780.41 OK
r-release-macos-arm64 2.0.4 245.00 NOTE
r-release-macos-x86_64 2.0.4 293.00 OK
r-release-windows-x86_64 2.0.4 141.00 791.00 932.00 OK
r-oldrel-macos-arm64 2.0.4 248.00 NOTE
r-oldrel-macos-x86_64 2.0.4 273.00 OK
r-oldrel-windows-ix86+x86_64 2.0.4 160.00 811.00 971.00 OK

Check Details

Version: 2.0.4
Check: installed package size
Result: NOTE
     installed size is 5.1Mb
     sub-directories of 1Mb or more:
     R 2.1Mb
     data 1.5Mb
Flavors: r-release-macos-arm64, r-oldrel-macos-arm64