CRAN Package Check Results for Package dbscan

Last updated on 2024-02-25 04:14:51 CET.

Flavor Version Tinstall Tcheck Ttotal Status Flags
r-devel-linux-x86_64-debian-clang 1.1-12 186.99 103.46 290.45 OK
r-devel-linux-x86_64-debian-gcc 1.1-12 140.12 77.08 217.20 OK
r-devel-linux-x86_64-fedora-clang 1.1-12 435.80 OK
r-devel-linux-x86_64-fedora-gcc 1.1-12 426.56 OK
r-devel-windows-x86_64 1.1-12 139.00 148.00 287.00 OK
r-patched-linux-x86_64 1.1-12 185.03 100.04 285.07 OK
r-release-linux-x86_64 1.1-12 181.61 100.64 282.25 OK
r-release-macos-arm64 1.1-12 100.00 NOTE
r-release-macos-x86_64 1.1-12 177.00 NOTE
r-release-windows-x86_64 1.1-12 148.00 166.00 314.00 OK
r-oldrel-macos-arm64 1.1-12 95.00 NOTE
r-oldrel-windows-x86_64 1.1-12 165.00 156.00 321.00 OK

Check Details

Version: 1.1-12
Check: installed package size
Result: NOTE installed size is 9.6Mb sub-directories of 1Mb or more: doc 2.6Mb libs 6.4Mb Flavors: r-release-macos-arm64, r-release-macos-x86_64, r-oldrel-macos-arm64