Last updated on 2023-01-29 03:55:11 CET.
Flavor | Version | Tinstall | Tcheck | Ttotal | Status | Flags |
---|---|---|---|---|---|---|
r-devel-linux-x86_64-debian-clang | 1.0.6 | 23.07 | 202.02 | 225.09 | OK | |
r-devel-linux-x86_64-debian-gcc | 1.0.6 | 20.42 | 148.93 | 169.35 | OK | |
r-devel-linux-x86_64-fedora-clang | 1.0.6 | 275.45 | NOTE | |||
r-devel-linux-x86_64-fedora-gcc | 1.0.6 | 262.56 | OK | |||
r-devel-windows-x86_64 | 1.0.6 | 98.00 | 247.00 | 345.00 | NOTE | |
r-patched-linux-x86_64 | 1.0.6 | 23.10 | 187.81 | 210.91 | OK | |
r-release-linux-x86_64 | 1.0.6 | 18.32 | 185.70 | 204.02 | OK | |
r-release-macos-arm64 | 1.0.6 | 55.00 | NOTE | |||
r-release-macos-x86_64 | 1.0.6 | 102.00 | NOTE | |||
r-release-windows-x86_64 | 1.0.6 | 88.00 | 231.00 | 319.00 | NOTE | |
r-oldrel-macos-arm64 | 1.0.6 | 10.00 | ERROR | |||
r-oldrel-macos-x86_64 | 1.0.6 | 110.00 | NOTE | |||
r-oldrel-windows-ix86+x86_64 | 1.0.6 | 51.00 | 236.00 | 287.00 | NOTE |
Version: 1.0.6
Check: installed package size
Result: NOTE
installed size is 5.4Mb
sub-directories of 1Mb or more:
data 4.1Mb
Flavors: r-devel-linux-x86_64-fedora-clang, r-devel-windows-x86_64, r-release-macos-arm64, r-release-macos-x86_64, r-release-windows-x86_64, r-oldrel-macos-x86_64, r-oldrel-windows-ix86+x86_64
Version: 1.0.6
Check: package dependencies
Result: NOTE
Package suggested but not available for checking: 'doMC'
Flavors: r-devel-windows-x86_64, r-release-windows-x86_64, r-oldrel-windows-ix86+x86_64
Version: 1.0.6
Check: package dependencies
Result: ERROR
Package required but not available: ‘dnet’
See section ‘The DESCRIPTION file’ in the ‘Writing R Extensions’
manual.
Flavor: r-oldrel-macos-arm64