Last updated on 2023-02-06 03:54:27 CET.
Flavor | Version | Tinstall | Tcheck | Ttotal | Status | Flags |
---|---|---|---|---|---|---|
r-devel-linux-x86_64-debian-clang | 0.1.2 | 18.20 | 28.13 | 46.33 | NOTE | |
r-devel-linux-x86_64-debian-gcc | 0.1.2 | 13.44 | 22.21 | 35.65 | NOTE | |
r-devel-linux-x86_64-fedora-clang | 0.1.2 | 68.79 | NOTE | |||
r-devel-linux-x86_64-fedora-gcc | 0.1.2 | 59.90 | NOTE | |||
r-devel-windows-x86_64 | 0.1.2 | 28.00 | 73.00 | 101.00 | NOTE | |
r-patched-linux-x86_64 | 0.1.2 | 15.09 | 27.99 | 43.08 | OK | |
r-release-linux-x86_64 | 0.1.2 | 15.28 | 28.03 | 43.31 | OK | |
r-release-macos-arm64 | 0.1.2 | 42.00 | OK | |||
r-release-macos-x86_64 | 0.1.2 | 32.00 | OK | |||
r-release-windows-x86_64 | 0.1.2 | 40.00 | 78.00 | 118.00 | OK | |
r-oldrel-macos-arm64 | 0.1.2 | 48.00 | OK | |||
r-oldrel-macos-x86_64 | 0.1.2 | 29.00 | OK | |||
r-oldrel-windows-ix86+x86_64 | 0.1.2 | 50.00 | 76.00 | 126.00 | OK |
Version: 0.1.2
Check: C++ specification
Result: NOTE
Specified C++11: please update to current default of C++17
Flavors: r-devel-linux-x86_64-debian-clang, r-devel-linux-x86_64-debian-gcc, r-devel-linux-x86_64-fedora-clang, r-devel-linux-x86_64-fedora-gcc, r-devel-windows-x86_64