CRAN Package Check Results for Package deltaPlotR

Last updated on 2023-03-21 03:54:19 CET.

Flavor Version Tinstall Tcheck Ttotal Status Flags
r-devel-linux-x86_64-debian-clang 1.6 NOTE
r-devel-linux-x86_64-debian-gcc 1.6 2.09 21.18 23.27 NOTE
r-devel-linux-x86_64-fedora-clang 1.6 38.20 NOTE
r-devel-linux-x86_64-fedora-gcc 1.6 35.66 NOTE
r-devel-windows-x86_64 1.6 16.00 56.00 72.00 OK
r-patched-linux-x86_64 1.6 2.31 27.92 30.23 NOTE
r-release-linux-x86_64 1.6 2.38 27.06 29.44 NOTE
r-release-macos-arm64 1.6 16.00 OK
r-release-macos-x86_64 1.6 21.00 OK
r-release-windows-x86_64 1.6 8.00 54.00 62.00 OK
r-oldrel-macos-arm64 1.6 20.00 OK
r-oldrel-macos-x86_64 1.6 29.00 OK
r-oldrel-windows-ix86+x86_64 1.6 7.00 51.00 58.00 OK

Check Details

Version: 1.6
Check: for non-standard things in the check directory
Result: NOTE
    Found the following files/directories:
     ‘res.pdf’ ‘res1.jpg’
Flavors: r-devel-linux-x86_64-debian-clang, r-devel-linux-x86_64-debian-gcc, r-devel-linux-x86_64-fedora-clang, r-devel-linux-x86_64-fedora-gcc, r-patched-linux-x86_64, r-release-linux-x86_64