CRAN Package Check Results for Package demu

Last updated on 2022-08-10 04:53:58 CEST.

Flavor Version Tinstall Tcheck Ttotal Status Flags
r-devel-linux-x86_64-debian-clang 0.3.0 52.32 88.09 140.41 NOTE
r-devel-linux-x86_64-debian-gcc 0.3.0 43.65 64.20 107.85 NOTE
r-devel-linux-x86_64-fedora-clang 0.3.0 201.55 NOTE
r-devel-linux-x86_64-fedora-gcc 0.3.0 180.98 NOTE
r-devel-windows-x86_64 0.3.0 109.00 140.00 249.00 NOTE
r-patched-linux-x86_64 0.3.0 53.22 81.32 134.54 NOTE
r-release-linux-x86_64 0.3.0 NOTE
r-release-macos-arm64 0.3.0 50.00 NOTE
r-release-macos-x86_64 0.3.0 89.00 NOTE
r-release-windows-x86_64 0.3.0 71.00 134.00 205.00 NOTE
r-oldrel-macos-arm64 0.3.0 63.00 NOTE
r-oldrel-macos-x86_64 0.3.0 89.00 NOTE
r-oldrel-windows-ix86+x86_64 0.3.0 124.00 156.00 280.00 NOTE

Check Details

Version: 0.3.0
Check: LazyData
Result: NOTE
     'LazyData' is specified without a 'data' directory
Flavors: r-devel-linux-x86_64-debian-clang, r-devel-linux-x86_64-debian-gcc, r-devel-linux-x86_64-fedora-clang, r-devel-linux-x86_64-fedora-gcc, r-devel-windows-x86_64, r-patched-linux-x86_64, r-release-linux-x86_64, r-release-macos-arm64, r-release-macos-x86_64, r-release-windows-x86_64, r-oldrel-macos-arm64, r-oldrel-macos-x86_64, r-oldrel-windows-ix86+x86_64

Version: 0.3.0
Check: installed package size
Result: NOTE
     installed size is 5.1Mb
     sub-directories of 1Mb or more:
     libs 4.9Mb
Flavor: r-oldrel-macos-arm64