CRAN Package Check Results for Package depth

Last updated on 2023-02-06 03:54:27 CET.

Flavor Version Tinstall Tcheck Ttotal Status Flags
r-devel-linux-x86_64-debian-clang 2.1-1.1 13.58 61.02 74.60 WARN
r-devel-linux-x86_64-debian-gcc 2.1-1.1 9.90 46.05 55.95 WARN
r-devel-linux-x86_64-fedora-clang 2.1-1.1 90.04 WARN
r-devel-linux-x86_64-fedora-gcc 2.1-1.1 87.28 WARN
r-devel-windows-x86_64 2.1-1.1 23.00 88.00 111.00 WARN
r-patched-linux-x86_64 2.1-1.1 11.37 58.42 69.79 WARN
r-release-linux-x86_64 2.1-1.1 11.05 59.28 70.33 WARN
r-release-macos-arm64 2.1-1.1 35.00 OK
r-release-macos-x86_64 2.1-1.1 42.00 OK
r-release-windows-x86_64 2.1-1.1 25.00 101.00 126.00 WARN
r-oldrel-macos-arm64 2.1-1.1 45.00 OK
r-oldrel-macos-x86_64 2.1-1.1 63.00 OK
r-oldrel-windows-ix86+x86_64 2.1-1.1 27.00 109.00 136.00 WARN

Check Details

Version: 2.1-1.1
Check: examples
Result: WARN
    Found the following significant warnings:
    
     Warning: 'rgl.open' is deprecated.
     Warning: 'rgl.linestrips' is deprecated.
     Warning: 'rgl.linestrips' is deprecated.
     Warning: 'rgl.linestrips' is deprecated.
     Warning: 'rgl.linestrips' is deprecated.
     Warning: 'rgl.linestrips' is deprecated.
     Warning: 'rgl.linestrips' is deprecated.
     Warning: 'rgl.linestrips' is deprecated.
     Warning: 'rgl.linestrips' is deprecated.
     Warning: 'rgl.linestrips' is deprecated.
     Warning: 'rgl.linestrips' is deprecated.
     Warning: 'rgl.linestrips' is deprecated.
     Warning: 'rgl.linestrips' is deprecated.
     Warning: 'rgl.linestrips' is deprecated.
     Warning: 'rgl.linestrips' is deprecated.
     Warning: 'rgl.linestrips' is deprecated.
     Warning: 'rgl.linestrips' is deprecated.
     Warning: 'rgl.linestrips' is deprecated.
     Warning: 'rgl.linestrips' is deprecated.
     Warning: 'rgl.linestrips' is deprecated.
     Warning: 'rgl.linestrips' is deprecated.
     Warning: 'rgl.linestrips' is deprecated.
     Warning: 'rgl.linestrips' is deprecated.
     Warning: 'rgl.linestrips' is deprecated.
     Warning: 'rgl.points' is deprecated.
     Warning: 'rgl.open' is deprecated.
     Warning: 'rgl.linestrips' is deprecated.
     Warning: 'rgl.linestrips' is deprecated.
     Warning: 'rgl.linestrips' is deprecated.
     Warning: 'rgl.linestrips' is deprecated.
     Warning: 'rgl.linestrips' is deprecated.
     Warning: 'rgl.linestrips' is deprecated.
     Warning: 'rgl.linestrips' is deprecated.
     Warning: 'rgl.linestrips' is deprecated.
     Warning: 'rgl.linestrips' is deprecated.
     Warning: 'rgl.linestrips' is deprecated.
     Warning: 'rgl.linestrips' is deprecated.
     Warning: 'rgl.linestrips' is deprecated.
     Warning: 'rgl.linestrips' is deprecated.
     Warning: 'rgl.linestrips' is deprecated.
     Warning: 'rgl.linestrips' is deprecated.
     Warning: 'rgl.linestrips' is deprecated.
     Warning: 'rgl.linestrips' is deprecated.
     Warning: 'rgl.linestrips' is deprecated.
     Warning: 'rgl.points' is deprecated.
    Deprecated functions may be defunct as soon as of the next release of
    R.
    See ?Deprecated.
Flavors: r-devel-linux-x86_64-debian-clang, r-devel-linux-x86_64-debian-gcc, r-devel-linux-x86_64-fedora-clang, r-devel-linux-x86_64-fedora-gcc, r-devel-windows-x86_64, r-patched-linux-x86_64, r-release-linux-x86_64, r-release-windows-x86_64

Version: 2.1-1.1
Check: compiled code
Result: NOTE
    File ‘depth/libs/depth.so’:
     Found no calls to: ‘R_registerRoutines’, ‘R_useDynamicSymbols’
    
    It is good practice to register native routines and to disable symbol
    search.
    
    See ‘Writing portable packages’ in the ‘Writing R Extensions’ manual.
Flavors: r-devel-linux-x86_64-fedora-clang, r-devel-linux-x86_64-fedora-gcc

Version: 2.1-1.1
Check: running examples for arch ‘i386’
Result: WARN
    Found the following significant warnings:
    
     Warning: 'rgl.open' is deprecated.
     Warning: 'rgl.linestrips' is deprecated.
     Warning: 'rgl.linestrips' is deprecated.
     Warning: 'rgl.linestrips' is deprecated.
     Warning: 'rgl.linestrips' is deprecated.
     Warning: 'rgl.linestrips' is deprecated.
     Warning: 'rgl.linestrips' is deprecated.
     Warning: 'rgl.linestrips' is deprecated.
     Warning: 'rgl.linestrips' is deprecated.
     Warning: 'rgl.linestrips' is deprecated.
     Warning: 'rgl.linestrips' is deprecated.
     Warning: 'rgl.linestrips' is deprecated.
     Warning: 'rgl.linestrips' is deprecated.
     Warning: 'rgl.linestrips' is deprecated.
     Warning: 'rgl.linestrips' is deprecated.
     Warning: 'rgl.linestrips' is deprecated.
     Warning: 'rgl.linestrips' is deprecated.
     Warning: 'rgl.linestrips' is deprecated.
     Warning: 'rgl.linestrips' is deprecated.
     Warning: 'rgl.linestrips' is deprecated.
     Warning: 'rgl.linestrips' is deprecated.
     Warning: 'rgl.linestrips' is deprecated.
     Warning: 'rgl.linestrips' is deprecated.
     Warning: 'rgl.linestrips' is deprecated.
     Warning: 'rgl.points' is deprecated.
     Warning: 'rgl.open' is deprecated.
     Warning: 'rgl.linestrips' is deprecated.
     Warning: 'rgl.linestrips' is deprecated.
     Warning: 'rgl.linestrips' is deprecated.
     Warning: 'rgl.linestrips' is deprecated.
     Warning: 'rgl.linestrips' is deprecated.
     Warning: 'rgl.linestrips' is deprecated.
     Warning: 'rgl.linestrips' is deprecated.
     Warning: 'rgl.linestrips' is deprecated.
     Warning: 'rgl.linestrips' is deprecated.
     Warning: 'rgl.linestrips' is deprecated.
     Warning: 'rgl.linestrips' is deprecated.
     Warning: 'rgl.linestrips' is deprecated.
     Warning: 'rgl.linestrips' is deprecated.
     Warning: 'rgl.linestrips' is deprecated.
     Warning: 'rgl.linestrips' is deprecated.
     Warning: 'rgl.linestrips' is deprecated.
     Warning: 'rgl.linestrips' is deprecated.
     Warning: 'rgl.linestrips' is deprecated.
     Warning: 'rgl.points' is deprecated.
    Deprecated functions may be defunct as soon as of the next release of
    R.
    See ?Deprecated.
Flavor: r-oldrel-windows-ix86+x86_64

Version: 2.1-1.1
Check: running examples for arch ‘x64’
Result: WARN
    Found the following significant warnings:
    
     Warning: 'rgl.open' is deprecated.
     Warning: 'rgl.linestrips' is deprecated.
     Warning: 'rgl.linestrips' is deprecated.
     Warning: 'rgl.linestrips' is deprecated.
     Warning: 'rgl.linestrips' is deprecated.
     Warning: 'rgl.linestrips' is deprecated.
     Warning: 'rgl.linestrips' is deprecated.
     Warning: 'rgl.linestrips' is deprecated.
     Warning: 'rgl.linestrips' is deprecated.
     Warning: 'rgl.linestrips' is deprecated.
     Warning: 'rgl.linestrips' is deprecated.
     Warning: 'rgl.linestrips' is deprecated.
     Warning: 'rgl.linestrips' is deprecated.
     Warning: 'rgl.linestrips' is deprecated.
     Warning: 'rgl.linestrips' is deprecated.
     Warning: 'rgl.linestrips' is deprecated.
     Warning: 'rgl.linestrips' is deprecated.
     Warning: 'rgl.linestrips' is deprecated.
     Warning: 'rgl.linestrips' is deprecated.
     Warning: 'rgl.linestrips' is deprecated.
     Warning: 'rgl.linestrips' is deprecated.
     Warning: 'rgl.linestrips' is deprecated.
     Warning: 'rgl.linestrips' is deprecated.
     Warning: 'rgl.linestrips' is deprecated.
     Warning: 'rgl.points' is deprecated.
     Warning: 'rgl.open' is deprecated.
     Warning: 'rgl.linestrips' is deprecated.
     Warning: 'rgl.linestrips' is deprecated.
     Warning: 'rgl.linestrips' is deprecated.
     Warning: 'rgl.linestrips' is deprecated.
     Warning: 'rgl.linestrips' is deprecated.
     Warning: 'rgl.linestrips' is deprecated.
     Warning: 'rgl.linestrips' is deprecated.
     Warning: 'rgl.linestrips' is deprecated.
     Warning: 'rgl.linestrips' is deprecated.
     Warning: 'rgl.linestrips' is deprecated.
     Warning: 'rgl.linestrips' is deprecated.
     Warning: 'rgl.linestrips' is deprecated.
     Warning: 'rgl.linestrips' is deprecated.
     Warning: 'rgl.linestrips' is deprecated.
     Warning: 'rgl.linestrips' is deprecated.
     Warning: 'rgl.linestrips' is deprecated.
     Warning: 'rgl.linestrips' is deprecated.
     Warning: 'rgl.linestrips' is deprecated.
     Warning: 'rgl.points' is deprecated.
    Deprecated functions may be defunct as soon as of the next release of
    R.
    See ?Deprecated.
Flavor: r-oldrel-windows-ix86+x86_64