CRAN Package Check Results for Package detourr

Last updated on 2022-10-05 04:50:50 CEST.

Flavor Version Tinstall Tcheck Ttotal Status Flags
r-devel-linux-x86_64-debian-clang 0.1.0 6.31 52.99 59.30 OK
r-devel-linux-x86_64-debian-gcc 0.1.0 3.92 39.65 43.57 OK
r-devel-linux-x86_64-fedora-clang 0.1.0 83.14 NOTE
r-devel-linux-x86_64-fedora-gcc 0.1.0 81.66 OK
r-devel-windows-x86_64 0.1.0 43.00 85.00 128.00 NOTE
r-patched-linux-x86_64 0.1.0 6.70 50.14 56.84 OK
r-release-linux-x86_64 0.1.0 5.52 49.72 55.24 OK
r-release-macos-arm64 0.1.0 29.00 NOTE
r-release-macos-x86_64 0.1.0 38.00 NOTE
r-release-windows-x86_64 0.1.0 39.00 82.00 121.00 NOTE
r-oldrel-macos-arm64 0.1.0 27.00 NOTE
r-oldrel-macos-x86_64 0.1.0 37.00 NOTE
r-oldrel-windows-ix86+x86_64 0.1.0 14.00 74.00 88.00 NOTE

Check Details

Version: 0.1.0
Check: installed package size
Result: NOTE
     installed size is 5.7Mb
     sub-directories of 1Mb or more:
     data 1.8Mb
     htmlwidgets 3.7Mb
Flavors: r-devel-linux-x86_64-fedora-clang, r-devel-windows-x86_64, r-release-macos-arm64, r-release-macos-x86_64, r-release-windows-x86_64, r-oldrel-macos-arm64, r-oldrel-macos-x86_64, r-oldrel-windows-ix86+x86_64