Last updated on 2025-01-12 03:49:44 CET.
Flavor | Version | Tinstall | Tcheck | Ttotal | Status | Flags |
---|---|---|---|---|---|---|
r-devel-linux-x86_64-debian-clang | 4.5 | 10.30 | 17.48 | 27.78 | OK | |
r-devel-linux-x86_64-debian-gcc | 4.5 | 9.09 | 15.05 | 24.14 | OK | |
r-devel-linux-x86_64-fedora-clang | 4.5 | 48.18 | OK | |||
r-devel-linux-x86_64-fedora-gcc | 4.5 | 54.07 | NOTE | |||
r-devel-windows-x86_64 | 4.5 | 18.00 | 57.00 | 75.00 | OK | |
r-patched-linux-x86_64 | 4.5 | 10.77 | 16.79 | 27.56 | OK | |
r-release-linux-x86_64 | 4.5 | 11.07 | 16.80 | 27.87 | OK | |
r-release-macos-arm64 | 4.5 | 25.00 | OK | |||
r-release-macos-x86_64 | 4.5 | 55.00 | OK | |||
r-release-windows-x86_64 | 4.5 | 23.00 | 55.00 | 78.00 | OK | |
r-oldrel-macos-arm64 | 4.5 | 26.00 | OK | |||
r-oldrel-macos-x86_64 | 4.5 | 48.00 | OK | |||
r-oldrel-windows-x86_64 | 4.5 | 26.00 | 58.00 | 84.00 | OK |
Version: 4.5
Check: top-level files
Result: NOTE
possible bashism in configure.ac line 20 (should be 'b = a'):
if test "xx$FONTCONFIG_LIBS" == "xx"; then
possible bashism in configure.ac line 36 (should be 'b = a'):
if test "xx$ZLIB_LIBS" == "xx"; then
possible bashism in configure.ac line 52 (should be 'b = a'):
if test "xx$OSX_LIBS" == "xx" && test `uname -s` == "Darwin"; then
possible bashism in configure.ac line 65 (should be 'b = a'):
if (test "x$ac_cv_header_CoreText_CTFont_h" == xyes); then
possible bashism in configure.ac line 77 (should be 'b = a'):
if (test "x$ac_cv_header_zlib_h" == xyes); then
possible bashism in configure.ac line 84 (should be 'b = a'):
if (test "x$ac_cv_header_fontconfig_fontconfig_h" == xyes); then
Flavor: r-devel-linux-x86_64-fedora-gcc