CRAN Package Check Results for Package devtools

Last updated on 2023-02-08 04:06:59 CET.

Flavor Version Tinstall Tcheck Ttotal Status Flags
r-devel-linux-x86_64-debian-clang 2.4.5 10.06 182.16 192.22 OK
r-devel-linux-x86_64-debian-gcc 2.4.5 9.37 90.13 99.50 OK
r-devel-linux-x86_64-fedora-clang 2.4.5 169.51 OK
r-devel-linux-x86_64-fedora-gcc 2.4.5 193.90 OK
r-devel-windows-x86_64 2.4.5 100.00 182.00 282.00 OK
r-patched-linux-x86_64 2.4.5 15.89 117.60 133.49 OK
r-release-linux-x86_64 2.4.5 9.19 117.18 126.37 OK
r-release-macos-arm64 2.4.5 65.00 OK
r-release-macos-x86_64 2.4.5 80.00 OK
r-release-windows-x86_64 2.4.5 120.00 190.00 310.00 OK
r-oldrel-macos-arm64 2.4.5 66.00 OK
r-oldrel-macos-x86_64 2.4.5 85.00 OK
r-oldrel-windows-ix86+x86_64 2.4.5 25.00 643.00 668.00 WARN

Check Details

Version: 2.4.5
Check: for unstated dependencies in ‘tests’
Result: WARN
    Warning: unable to access index for repository https://bioconductor.org/packages/3.14/bioc/src/contrib:
     cannot open URL 'https://bioconductor.org/packages/3.14/bioc/src/contrib/PACKAGES'
    Warning: unable to access index for repository https://bioconductor.org/packages/3.14/data/annotation/src/contrib:
     cannot open URL 'https://bioconductor.org/packages/3.14/data/annotation/src/contrib/PACKAGES'
    Warning: unable to access index for repository https://bioconductor.org/packages/3.14/data/experiment/src/contrib:
     cannot open URL 'https://bioconductor.org/packages/3.14/data/experiment/src/contrib/PACKAGES'
Flavor: r-oldrel-windows-ix86+x86_64