Last updated on 2022-08-09 04:52:18 CEST.
Flavor | Version | Tinstall | Tcheck | Ttotal | Status | Flags |
---|---|---|---|---|---|---|
r-devel-linux-x86_64-debian-clang | 1.2.1 | 108.41 | 256.18 | 364.59 | OK | |
r-devel-linux-x86_64-debian-gcc | 1.2.1 | 89.40 | 170.88 | 260.28 | OK | |
r-devel-linux-x86_64-fedora-clang | 1.2.1 | 457.36 | NOTE | |||
r-devel-linux-x86_64-fedora-gcc | 1.2.1 | 436.18 | OK | |||
r-devel-windows-x86_64 | 1.2.1 | 113.00 | 293.00 | 406.00 | OK | |
r-patched-linux-x86_64 | 1.2.1 | 94.70 | 220.71 | 315.41 | OK | |
r-release-linux-x86_64 | 1.2.1 | OK | ||||
r-release-macos-arm64 | 1.2.1 | 147.00 | NOTE | |||
r-release-macos-x86_64 | 1.2.1 | 146.00 | NOTE | |||
r-release-windows-x86_64 | 1.2.1 | 118.00 | 293.00 | 411.00 | OK | |
r-oldrel-macos-arm64 | 1.2.1 | 121.00 | NOTE | |||
r-oldrel-macos-x86_64 | 1.2.1 | 156.00 | NOTE | |||
r-oldrel-windows-ix86+x86_64 | 1.2.1 | 255.00 | 394.00 | 649.00 | NOTE |
Version: 1.2.1
Check: installed package size
Result: NOTE
installed size is 7.0Mb
sub-directories of 1Mb or more:
doc 1.3Mb
libs 4.9Mb
Flavors: r-devel-linux-x86_64-fedora-clang, r-release-macos-arm64, r-release-macos-x86_64, r-oldrel-macos-arm64, r-oldrel-macos-x86_64, r-oldrel-windows-ix86+x86_64