Last updated on 2022-08-13 04:57:45 CEST.
Flavor | Version | Tinstall | Tcheck | Ttotal | Status | Flags |
---|---|---|---|---|---|---|
r-devel-linux-x86_64-debian-clang | 0.9.3 | 61.57 | 183.21 | 244.78 | OK | |
r-devel-linux-x86_64-debian-gcc | 0.9.3 | 51.52 | 128.87 | 180.39 | OK | |
r-devel-linux-x86_64-fedora-clang | 0.9.3 | 326.14 | OK | |||
r-devel-linux-x86_64-fedora-gcc | 0.9.3 | 316.76 | OK | |||
r-devel-windows-x86_64 | 0.9.3 | 82.00 | 216.00 | 298.00 | OK | |
r-patched-linux-x86_64 | 0.9.3 | 39.76 | 162.36 | 202.12 | OK | |
r-release-linux-x86_64 | 0.9.3 | 43.02 | 161.78 | 204.80 | OK | |
r-release-macos-arm64 | 0.9.3 | 79.00 | OK | |||
r-release-macos-x86_64 | 0.9.3 | 128.00 | OK | |||
r-release-windows-x86_64 | 0.9.3 | 73.00 | 203.00 | 276.00 | OK | |
r-oldrel-macos-arm64 | 0.9.3 | 74.00 | NOTE | |||
r-oldrel-macos-x86_64 | 0.9.3 | 102.00 | OK | |||
r-oldrel-windows-ix86+x86_64 | 0.9.3 | 143.00 | 280.00 | 423.00 | OK |
Version: 0.9.3
Check: installed package size
Result: NOTE
installed size is 5.6Mb
sub-directories of 1Mb or more:
libs 4.9Mb
Flavor: r-oldrel-macos-arm64