CRAN Package Check Results for Package dfCompare

Last updated on 2025-01-12 03:49:44 CET.

Flavor Version Tinstall Tcheck Ttotal Status Flags
r-devel-linux-x86_64-debian-clang 1.0.0 1.53 15.05 16.58 OK
r-devel-linux-x86_64-debian-gcc 1.0.0 1.26 12.68 13.94 OK
r-devel-linux-x86_64-fedora-clang 1.0.0 27.07 OK
r-devel-linux-x86_64-fedora-gcc 1.0.0 26.68 OK
r-devel-windows-x86_64 1.0.0 3.00 42.00 45.00 OK
r-patched-linux-x86_64 1.0.0 1.38 14.52 15.90 NOTE
r-release-linux-x86_64 1.0.0 1.43 0.00 1.43 NOTE
r-release-macos-arm64 1.0.0 13.00 NOTE
r-release-macos-x86_64 1.0.0 21.00 NOTE
r-release-windows-x86_64 1.0.0 2.00 33.00 35.00 NOTE
r-oldrel-macos-arm64 1.0.0 13.00 NOTE
r-oldrel-macos-x86_64 1.0.0 17.00 NOTE
r-oldrel-windows-x86_64 1.0.0 2.00 33.00 35.00 NOTE

Check Details

Version: 1.0.0
Check: LazyData
Result: NOTE 'LazyData' is specified without a 'data' directory Flavors: r-patched-linux-x86_64, r-release-linux-x86_64, r-release-macos-arm64, r-release-macos-x86_64, r-release-windows-x86_64, r-oldrel-macos-arm64, r-oldrel-macos-x86_64, r-oldrel-windows-x86_64