Last updated on 2023-12-08 04:03:09 CET.
Flavor | Version | Tinstall | Tcheck | Ttotal | Status | Flags |
---|---|---|---|---|---|---|
r-devel-linux-x86_64-debian-clang | 1.1.0 | 3.51 | 43.28 | 46.79 | NOTE | |
r-devel-linux-x86_64-debian-gcc | 1.1.0 | 3.73 | 33.05 | 36.78 | NOTE | |
r-devel-linux-x86_64-fedora-clang | 1.1.0 | 63.99 | NOTE | |||
r-devel-linux-x86_64-fedora-gcc | 1.1.0 | 58.99 | NOTE | |||
r-devel-windows-x86_64 | 1.1.0 | 5.00 | 55.00 | 60.00 | NOTE | |
r-patched-linux-x86_64 | 1.1.0 | 4.54 | 42.64 | 47.18 | NOTE | |
r-release-linux-x86_64 | 1.1.0 | 4.38 | 41.90 | 46.28 | NOTE | |
r-release-macos-arm64 | 1.1.0 | 22.00 | NOTE | |||
r-release-macos-x86_64 | 1.1.0 | 32.00 | NOTE | |||
r-release-windows-x86_64 | 1.1.0 | 5.00 | 58.00 | 63.00 | NOTE | |
r-oldrel-macos-arm64 | 1.1.0 | 20.00 | NOTE | |||
r-oldrel-macos-x86_64 | 1.1.0 | 28.00 | NOTE | |||
r-oldrel-windows-x86_64 | 1.1.0 | 23.00 | 68.00 | 91.00 | NOTE |
Version: 1.1.0
Check: package dependencies
Result: NOTE
Package suggested but not available for checking: ‘gurobi’
Flavors: r-devel-linux-x86_64-debian-clang, r-devel-linux-x86_64-debian-gcc, r-devel-linux-x86_64-fedora-clang, r-devel-linux-x86_64-fedora-gcc, r-devel-windows-x86_64, r-patched-linux-x86_64, r-release-linux-x86_64, r-release-macos-arm64, r-release-macos-x86_64, r-release-windows-x86_64, r-oldrel-macos-arm64, r-oldrel-macos-x86_64, r-oldrel-windows-x86_64
Version: 1.1.0
Check: data for non-ASCII characters
Result: NOTE
Note: found 15 marked UTF-8 strings
Flavors: r-devel-linux-x86_64-fedora-clang, r-devel-linux-x86_64-fedora-gcc