Last updated on 2023-01-29 03:55:11 CET.
Flavor | Version | Tinstall | Tcheck | Ttotal | Status | Flags |
---|---|---|---|---|---|---|
r-devel-linux-x86_64-debian-clang | 1.0.1 | 18.48 | 210.90 | 229.38 | OK | |
r-devel-linux-x86_64-debian-gcc | 1.0.1 | 17.16 | 150.08 | 167.24 | OK | |
r-devel-linux-x86_64-fedora-clang | 1.0.1 | 281.35 | NOTE | |||
r-devel-linux-x86_64-fedora-gcc | 1.0.1 | 273.60 | OK | |||
r-devel-windows-x86_64 | 1.0.1 | 36.00 | 240.00 | 276.00 | OK | |
r-patched-linux-x86_64 | 1.0.1 | 24.32 | 194.68 | 219.00 | OK | |
r-release-linux-x86_64 | 1.0.1 | 14.04 | 194.61 | 208.65 | OK | |
r-release-macos-arm64 | 1.0.1 | 59.00 | OK | |||
r-release-macos-x86_64 | 1.0.1 | 102.00 | OK | |||
r-release-windows-x86_64 | 1.0.1 | 36.00 | 251.00 | 287.00 | OK | |
r-oldrel-macos-arm64 | 1.0.1 | 60.00 | OK | |||
r-oldrel-macos-x86_64 | 1.0.1 | 101.00 | OK | |||
r-oldrel-windows-ix86+x86_64 | 1.0.1 | 65.00 | 261.00 | 326.00 | OK |
Version: 1.0.1
Check: Rd cross-references
Result: NOTE
Undeclared packages ‘gamlss’, ‘flexsurv’ in Rd xrefs
Flavor: r-devel-linux-x86_64-fedora-clang