Last updated on 2023-01-27 03:53:43 CET.
Flavor | Version | Tinstall | Tcheck | Ttotal | Status | Flags |
---|---|---|---|---|---|---|
r-devel-linux-x86_64-debian-clang | 0.0.7 | 76.22 | 46.04 | 122.26 | NOTE | |
r-devel-linux-x86_64-debian-gcc | 0.0.7 | 51.36 | 35.39 | 86.75 | NOTE | |
r-devel-linux-x86_64-fedora-clang | 0.0.7 | 172.47 | NOTE | |||
r-devel-linux-x86_64-fedora-gcc | 0.0.7 | 151.79 | NOTE | |||
r-devel-windows-x86_64 | 0.0.7 | 122.00 | 91.00 | 213.00 | NOTE | |
r-patched-linux-x86_64 | 0.0.7 | 49.71 | 44.06 | 93.77 | NOTE | |
r-release-linux-x86_64 | 0.0.7 | 55.78 | 45.64 | 101.42 | NOTE | |
r-release-macos-arm64 | 0.0.7 | 43.00 | NOTE | |||
r-release-macos-x86_64 | 0.0.7 | 61.00 | NOTE | |||
r-release-windows-x86_64 | 0.0.7 | 134.00 | 96.00 | 230.00 | NOTE | |
r-oldrel-macos-arm64 | 0.0.7 | 50.00 | NOTE | |||
r-oldrel-macos-x86_64 | 0.0.7 | 94.00 | NOTE | |||
r-oldrel-windows-ix86+x86_64 | 0.0.7 | 145.00 | 110.00 | 255.00 | NOTE |
Version: 0.0.7
Check: LazyData
Result: NOTE
'LazyData' is specified without a 'data' directory
Flavors: r-devel-linux-x86_64-debian-clang, r-devel-linux-x86_64-debian-gcc, r-devel-linux-x86_64-fedora-clang, r-devel-linux-x86_64-fedora-gcc, r-devel-windows-x86_64, r-patched-linux-x86_64, r-release-linux-x86_64, r-release-macos-arm64, r-release-macos-x86_64, r-release-windows-x86_64, r-oldrel-macos-arm64, r-oldrel-macos-x86_64, r-oldrel-windows-ix86+x86_64
Version: 0.0.7
Check: C++ specification
Result: NOTE
Specified C++11: please update to current default of C++17
Flavors: r-devel-linux-x86_64-debian-gcc, r-devel-linux-x86_64-fedora-gcc
Version: 0.0.7
Check: installed package size
Result: NOTE
installed size is 9.9Mb
sub-directories of 1Mb or more:
libs 9.8Mb
Flavors: r-release-macos-arm64, r-release-macos-x86_64, r-oldrel-macos-arm64, r-oldrel-macos-x86_64