CRAN Package Check Results for Package distr

Last updated on 2022-09-29 04:58:12 CEST.

Flavor Version Tinstall Tcheck Ttotal Status Flags
r-devel-linux-x86_64-debian-clang 2.8.0 37.41 249.20 286.61 OK
r-devel-linux-x86_64-debian-gcc 2.8.0 30.60 179.72 210.32 OK
r-devel-linux-x86_64-fedora-clang 2.8.0 284.52 NOTE
r-devel-linux-x86_64-fedora-gcc 2.8.0 271.46 OK
r-devel-windows-x86_64 2.8.0 136.00 358.00 494.00 OK
r-patched-linux-x86_64 2.8.0 41.68 236.02 277.70 OK
r-release-linux-x86_64 2.8.0 36.53 234.44 270.97 OK
r-release-macos-arm64 2.8.0 79.00 OK
r-release-macos-x86_64 2.8.0 112.00 OK
r-release-windows-x86_64 2.8.0 139.00 341.00 480.00 OK
r-oldrel-macos-arm64 2.8.0 98.00 OK
r-oldrel-macos-x86_64 2.8.0 169.00 OK
r-oldrel-windows-ix86+x86_64 2.8.0 65.00 429.00 494.00 OK

Check Details

Version: 2.8.0
Check: Rd cross-references
Result: NOTE
    Undeclared packages ‘distrMod’, ‘RobAStBase’ in Rd xrefs
Flavor: r-devel-linux-x86_64-fedora-clang