CRAN Package Check Results for Package distrSim

Last updated on 2022-12-02 04:00:07 CET.

Flavor Version Tinstall Tcheck Ttotal Status Flags
r-devel-linux-x86_64-debian-clang 2.8.1 19.18 64.05 83.23 OK
r-devel-linux-x86_64-debian-gcc 2.8.1 16.54 48.95 65.49 OK
r-devel-linux-x86_64-fedora-clang 2.8.1 122.51 NOTE
r-devel-linux-x86_64-fedora-gcc 2.8.1 129.48 OK
r-devel-windows-x86_64 2.8.1 64.00 100.00 164.00 OK
r-patched-linux-x86_64 2.8.1 20.69 59.63 80.32 OK
r-release-linux-x86_64 2.8.1 18.09 61.26 79.35 OK
r-release-macos-arm64 2.8.1 38.00 OK
r-release-macos-x86_64 2.8.1 45.00 OK
r-release-windows-x86_64 2.8.1 73.00 100.00 173.00 OK
r-oldrel-macos-arm64 2.8.1 37.00 OK
r-oldrel-macos-x86_64 2.8.1 47.00 OK
r-oldrel-windows-ix86+x86_64 2.8.1 36.00 85.00 121.00 OK

Check Details

Version: 2.8.1
Check: Rd cross-references
Result: NOTE
    Undeclared package ‘distrTEst’ in Rd xrefs
Flavor: r-devel-linux-x86_64-fedora-clang