Last updated on 2023-02-06 03:54:28 CET.
Flavor | Version | Tinstall | Tcheck | Ttotal | Status | Flags |
---|---|---|---|---|---|---|
r-devel-linux-x86_64-debian-clang | 2.8.1 | 22.92 | 62.56 | 85.48 | OK | |
r-devel-linux-x86_64-debian-gcc | 2.8.1 | 17.46 | 48.80 | 66.26 | OK | |
r-devel-linux-x86_64-fedora-clang | 2.8.1 | 107.01 | NOTE | |||
r-devel-linux-x86_64-fedora-gcc | 2.8.1 | 104.01 | OK | |||
r-devel-windows-x86_64 | 2.8.1 | 41.00 | 102.00 | 143.00 | OK | |
r-patched-linux-x86_64 | 2.8.1 | 18.22 | 61.00 | 79.22 | OK | |
r-release-linux-x86_64 | 2.8.1 | 20.28 | 62.92 | 83.20 | OK | |
r-release-macos-arm64 | 2.8.1 | 35.00 | OK | |||
r-release-macos-x86_64 | 2.8.1 | 45.00 | OK | |||
r-release-windows-x86_64 | 2.8.1 | 52.00 | 105.00 | 157.00 | OK | |
r-oldrel-macos-arm64 | 2.8.1 | 35.00 | OK | |||
r-oldrel-macos-x86_64 | 2.8.1 | 48.00 | OK | |||
r-oldrel-windows-ix86+x86_64 | 2.8.1 | 36.00 | 84.00 | 120.00 | OK |
Version: 2.8.1
Check: Rd cross-references
Result: NOTE
Undeclared package ‘distr’ in Rd xrefs
Flavor: r-devel-linux-x86_64-fedora-clang