CRAN Package Check Results for Package diveR

Last updated on 2022-08-09 04:52:18 CEST.

Flavor Version Tinstall Tcheck Ttotal Status Flags
r-devel-linux-x86_64-debian-clang 0.1.2 8.74 86.77 95.51 OK
r-devel-linux-x86_64-debian-gcc 0.1.2 6.65 64.79 71.44 OK
r-devel-linux-x86_64-fedora-clang 0.1.2 125.86 NOTE
r-devel-linux-x86_64-fedora-gcc 0.1.2 128.62 NOTE
r-devel-windows-x86_64 0.1.2 15.00 107.00 122.00 OK
r-patched-linux-x86_64 0.1.2 8.27 91.06 99.33 OK
r-release-linux-x86_64 0.1.2 OK
r-release-macos-arm64 0.1.2 66.00 NOTE
r-release-macos-x86_64 0.1.2 102.00 NOTE
r-release-windows-x86_64 0.1.2 13.00 101.00 114.00 OK
r-oldrel-macos-arm64 0.1.2 57.00 NOTE
r-oldrel-macos-x86_64 0.1.2 55.00 NOTE
r-oldrel-windows-ix86+x86_64 0.1.2 24.00 100.00 124.00 OK

Check Details

Version: 0.1.2
Check: dependencies in R code
Result: NOTE
    Namespaces in Imports field not imported from:
     ‘ggmulti’ ‘loon’ ‘loon.data’ ‘loon.ggplot’ ‘loon.shiny’ ‘loon.tourr’
     ‘stats’ ‘zenplots’
     All declared Imports should be used.
Flavors: r-devel-linux-x86_64-fedora-clang, r-devel-linux-x86_64-fedora-gcc, r-release-macos-arm64, r-release-macos-x86_64, r-oldrel-macos-arm64, r-oldrel-macos-x86_64