CRAN Package Check Results for Package dlbayes

Last updated on 2022-11-27 03:57:46 CET.

Flavor Version Tinstall Tcheck Ttotal Status Flags
r-devel-linux-x86_64-debian-clang 0.1.0 1.50 48.42 49.92 NOTE
r-devel-linux-x86_64-debian-gcc 0.1.0 1.93 36.09 38.02 NOTE
r-devel-linux-x86_64-fedora-clang 0.1.0 72.43 NOTE
r-devel-linux-x86_64-fedora-gcc 0.1.0 70.18 NOTE
r-devel-windows-x86_64 0.1.0 7.00 75.00 82.00 NOTE
r-patched-linux-x86_64 0.1.0 1.89 46.71 48.60 NOTE
r-release-linux-x86_64 0.1.0 2.42 47.20 49.62 NOTE
r-release-macos-arm64 0.1.0 20.00 NOTE
r-release-macos-x86_64 0.1.0 31.00 NOTE
r-release-windows-x86_64 0.1.0 9.00 76.00 85.00 NOTE
r-oldrel-macos-arm64 0.1.0 27.00 NOTE
r-oldrel-macos-x86_64 0.1.0 33.00 NOTE
r-oldrel-windows-ix86+x86_64 0.1.0 6.00 73.00 79.00 NOTE

Check Details

Version: 0.1.0
Check: LazyData
Result: NOTE
     'LazyData' is specified without a 'data' directory
Flavors: r-devel-linux-x86_64-debian-clang, r-devel-linux-x86_64-debian-gcc, r-devel-linux-x86_64-fedora-clang, r-devel-linux-x86_64-fedora-gcc, r-devel-windows-x86_64, r-patched-linux-x86_64, r-release-linux-x86_64, r-release-macos-arm64, r-release-macos-x86_64, r-release-windows-x86_64, r-oldrel-macos-arm64, r-oldrel-macos-x86_64, r-oldrel-windows-ix86+x86_64