CRAN Package Check Results for Package downscale

Last updated on 2024-02-24 03:52:33 CET.

Flavor Version Tinstall Tcheck Ttotal Status Flags
r-devel-linux-x86_64-debian-clang 5.0.0 27.30 487.61 514.91 NOTE
r-devel-linux-x86_64-debian-gcc 5.0.0 22.36 348.66 371.02 NOTE
r-devel-linux-x86_64-fedora-clang 5.0.0 614.05 OK
r-devel-linux-x86_64-fedora-gcc 5.0.0 602.07 OK
r-devel-windows-x86_64 5.0.0 24.00 298.00 322.00 OK
r-patched-linux-x86_64 5.0.0 38.76 461.93 500.69 OK
r-release-linux-x86_64 5.0.0 27.64 464.75 492.39 OK
r-release-macos-arm64 5.0.0 141.00 OK
r-release-macos-x86_64 5.0.0 287.00 OK
r-release-windows-x86_64 5.0.0 31.00 394.00 425.00 OK
r-oldrel-macos-arm64 5.0.0 132.00 OK
r-oldrel-windows-x86_64 5.0.0 32.00 383.00 415.00 OK

Check Details

Version: 5.0.0
Check: Rd files
Result: NOTE checkRd: (-1) downscale.Rd:9: Lost braces; missing escapes or markup? 9 | \item{occupancies}{Either a data frame containing two columns or an object of class \code{"upgrain"} from the \code{\link{upgrain}} function. If using a data frame the first column must be the grain sizes (cell area in squared units e.g. km^{2}). The second column is the proportion of occupancies at each grain size.} | ^ checkRd: (-1) ensemble.downscale.Rd:13: Lost braces; missing escapes or markup? 13 | \item{new.areas}{vector of grain sizes (in squared units e.g. km^{2}) for which area of occupancy will be predicted.} | ^ checkRd: (-1) hui.downscale.Rd:13: Lost braces; missing escapes or markup? 13 | \item{new.areas}{vector of grain sizes as cell area (in same units as cell.width but squared e.g. km^{2}) at fine scales for model prediction.} | ^ checkRd: (-1) predict.downscale.Rd:10: Lost braces; missing escapes or markup? 10 | \item{new.areas}{vector of grain sizes (in squared units e.g. km^{2}) for which area of occupancy will be predicted.} | ^ Flavors: r-devel-linux-x86_64-debian-clang, r-devel-linux-x86_64-debian-gcc