CRAN Package Check Results for Package dqrng

Last updated on 2022-09-27 04:50:28 CEST.

Flavor Version Tinstall Tcheck Ttotal Status Flags
r-devel-linux-x86_64-debian-clang 0.3.0 28.41 142.59 171.00 OK
r-devel-linux-x86_64-debian-gcc 0.3.0 19.84 85.92 105.76 OK
r-devel-linux-x86_64-fedora-clang 0.3.0 226.94 NOTE
r-devel-linux-x86_64-fedora-gcc 0.3.0 201.29 OK
r-devel-windows-x86_64 0.3.0 34.00 201.00 235.00 OK
r-patched-linux-x86_64 0.3.0 25.78 129.32 155.10 OK
r-release-linux-x86_64 0.3.0 22.26 126.68 148.94 OK
r-release-macos-arm64 0.3.0 52.00 OK
r-release-macos-x86_64 0.3.0 95.00 OK
r-release-windows-x86_64 0.3.0 40.00 208.00 248.00 OK
r-oldrel-macos-arm64 0.3.0 65.00 OK
r-oldrel-macos-x86_64 0.3.0 123.00 OK
r-oldrel-windows-ix86+x86_64 0.3.0 73.00 230.00 303.00 OK

Check Details

Version: 0.3.0
Check: Rd cross-references
Result: NOTE
    Undeclared package ‘sitmo’ in Rd xrefs
Flavor: r-devel-linux-x86_64-fedora-clang