Last updated on 2023-01-29 03:55:12 CET.
Flavor | Version | Tinstall | Tcheck | Ttotal | Status | Flags |
---|---|---|---|---|---|---|
r-devel-linux-x86_64-debian-clang | 1.0.0 | 4.75 | 41.00 | 45.75 | OK | |
r-devel-linux-x86_64-debian-gcc | 1.0.0 | 3.99 | 32.42 | 36.41 | OK | |
r-devel-linux-x86_64-fedora-clang | 1.0.0 | 60.62 | NOTE | |||
r-devel-linux-x86_64-fedora-gcc | 1.0.0 | 67.75 | OK | |||
r-devel-windows-x86_64 | 1.0.0 | 9.00 | 84.00 | 93.00 | NOTE | |
r-patched-linux-x86_64 | 1.0.0 | 3.74 | 43.02 | 46.76 | OK | |
r-release-linux-x86_64 | 1.0.0 | 5.04 | 42.78 | 47.82 | OK | |
r-release-macos-arm64 | 1.0.0 | 22.00 | NOTE | |||
r-release-macos-x86_64 | 1.0.0 | 34.00 | NOTE | |||
r-release-windows-x86_64 | 1.0.0 | 78.00 | 90.00 | 168.00 | NOTE | |
r-oldrel-macos-arm64 | 1.0.0 | 26.00 | NOTE | |||
r-oldrel-macos-x86_64 | 1.0.0 | 37.00 | NOTE | |||
r-oldrel-windows-ix86+x86_64 | 1.0.0 | 15.00 | 77.00 | 92.00 | NOTE |
Version: 1.0.0
Check: installed package size
Result: NOTE
installed size is 5.5Mb
sub-directories of 1Mb or more:
tutorials 5.3Mb
Flavors: r-devel-linux-x86_64-fedora-clang, r-devel-windows-x86_64, r-release-macos-arm64, r-release-macos-x86_64, r-release-windows-x86_64, r-oldrel-macos-arm64, r-oldrel-macos-x86_64, r-oldrel-windows-ix86+x86_64