CRAN Package Check Results for Package dslabs

Last updated on 2023-02-01 03:54:12 CET.

Flavor Version Tinstall Tcheck Ttotal Status Flags
r-devel-linux-x86_64-debian-clang 0.7.4 3.90 30.53 34.43 OK
r-devel-linux-x86_64-debian-gcc 0.7.4 3.22 23.83 27.05 OK
r-devel-linux-x86_64-fedora-clang 0.7.4 45.06 NOTE
r-devel-linux-x86_64-fedora-gcc 0.7.4 43.99 NOTE
r-devel-windows-x86_64 0.7.4 42.00 68.00 110.00 OK
r-patched-linux-x86_64 0.7.4 4.41 29.69 34.10 OK
r-release-linux-x86_64 0.7.4 3.37 30.28 33.65 OK
r-release-macos-arm64 0.7.4 20.00 NOTE
r-release-macos-x86_64 0.7.4 35.00 NOTE
r-release-windows-x86_64 0.7.4 8.00 65.00 73.00 OK
r-oldrel-macos-arm64 0.7.4 24.00 NOTE
r-oldrel-macos-x86_64 0.7.4 32.00 NOTE
r-oldrel-windows-ix86+x86_64 0.7.4 10.00 57.00 67.00 OK

Check Details

Version: 0.7.4
Check: data for non-ASCII characters
Result: NOTE
     Note: found 4891 marked UTF-8 strings
Flavors: r-devel-linux-x86_64-fedora-clang, r-devel-linux-x86_64-fedora-gcc, r-release-macos-arm64, r-release-macos-x86_64, r-oldrel-macos-arm64, r-oldrel-macos-x86_64